{"id":4888,"date":"2026-05-14T11:06:12","date_gmt":"2026-05-14T10:06:12","guid":{"rendered":"https:\/\/dmr-portugal.org\/?page_id=4888"},"modified":"2026-05-14T11:11:43","modified_gmt":"2026-05-14T10:11:43","slug":"netct-31a-sessao","status":"publish","type":"page","link":"https:\/\/dmr-portugal.org\/?page_id=4888","title":{"rendered":"netCT 31\u00aa sess\u00e3o"},"content":{"rendered":"<p style=\"text-align: center;\"><strong><span style=\"font-family: arial, helvetica, sans-serif; font-size: 20px;\">Hist\u00f3rico da 31\u00aa sess\u00e3o<\/span><\/strong><\/p>\n<p style=\"text-align: center;\"><a href=\"https:\/\/dmr-portugal.org\/wp-content\/uploads\/2026\/05\/netct-log-09-31.png\"><img fetchpriority=\"high\" decoding=\"async\" class=\"aligncenter size-full wp-image-4891\" src=\"https:\/\/dmr-portugal.org\/wp-content\/uploads\/2026\/05\/netct-log-09-31.png\" alt=\"\" width=\"819\" height=\"762\" srcset=\"https:\/\/dmr-portugal.org\/wp-content\/uploads\/2026\/05\/netct-log-09-31.png 819w, https:\/\/dmr-portugal.org\/wp-content\/uploads\/2026\/05\/netct-log-09-31-300x279.png 300w, https:\/\/dmr-portugal.org\/wp-content\/uploads\/2026\/05\/netct-log-09-31-768x715.png 768w, https:\/\/dmr-portugal.org\/wp-content\/uploads\/2026\/05\/netct-log-09-31-150x140.png 150w\" sizes=\"(max-width: 819px) 100vw, 819px\" \/><\/a><\/p>\n<p style=\"text-align: center;\"><em><strong><span style=\"font-family: arial, helvetica, sans-serif;\">Log da 31\u00aa sess\u00e3o do 9\u00ba ano<\/span><\/strong><\/em><\/p>\n<p>&nbsp;<\/p>\n<p><span style=\"font-family: arial, helvetica, sans-serif;\">Nesta sess\u00e3o 19 utilizadores fizeram representar a sua associa\u00e7\u00e3o.<\/span><\/p>\n<p>&nbsp;<\/p>\n<p><span style=\"font-family: arial, helvetica, sans-serif;\">Nesta sess\u00e3o 3 utilizadores usaram equipamento Yaesu C4FM atrav\u00e9s de hotspot. 1 utilizador equipamento ICOM DSTAR. 3 utilizadores via rede Tetra.<\/span><\/p>\n<p>&nbsp;<\/p>\n<table style=\"border-collapse: collapse; width: 100%;\">\n<tbody>\n<tr>\n<td style=\"width: 474px; border-style: hidden;\"><a href=\"https:\/\/dmr-portugal.org\/wp-content\/uploads\/2026\/05\/estatisticas-31.png\"><img decoding=\"async\" class=\"aligncenter size-full wp-image-4892\" src=\"https:\/\/dmr-portugal.org\/wp-content\/uploads\/2026\/05\/estatisticas-31.png\" alt=\"\" width=\"249\" height=\"188\" srcset=\"https:\/\/dmr-portugal.org\/wp-content\/uploads\/2026\/05\/estatisticas-31.png 249w, https:\/\/dmr-portugal.org\/wp-content\/uploads\/2026\/05\/estatisticas-31-150x113.png 150w\" sizes=\"(max-width: 249px) 100vw, 249px\" \/><\/a><\/td>\n<td style=\"width: 474px; border-style: hidden;\"><a href=\"https:\/\/dmr-portugal.org\/wp-content\/uploads\/2026\/05\/top-tg-31.png\"><img decoding=\"async\" class=\"aligncenter size-full wp-image-4893\" src=\"https:\/\/dmr-portugal.org\/wp-content\/uploads\/2026\/05\/top-tg-31.png\" alt=\"\" width=\"449\" height=\"143\" srcset=\"https:\/\/dmr-portugal.org\/wp-content\/uploads\/2026\/05\/top-tg-31.png 449w, https:\/\/dmr-portugal.org\/wp-content\/uploads\/2026\/05\/top-tg-31-300x96.png 300w, https:\/\/dmr-portugal.org\/wp-content\/uploads\/2026\/05\/top-tg-31-150x48.png 150w\" sizes=\"(max-width: 449px) 100vw, 449px\" \/><\/a><\/td>\n<\/tr>\n<\/tbody>\n<\/table>\n<p>&nbsp;<\/p>\n<p style=\"text-align: center;\"><a href=\"https:\/\/dmr-portugal.org\/wp-content\/uploads\/2026\/05\/associacoes-31.png\"><img loading=\"lazy\" decoding=\"async\" class=\"aligncenter size-full wp-image-4894\" src=\"https:\/\/dmr-portugal.org\/wp-content\/uploads\/2026\/05\/associacoes-31.png\" alt=\"\" width=\"304\" height=\"693\" srcset=\"https:\/\/dmr-portugal.org\/wp-content\/uploads\/2026\/05\/associacoes-31.png 304w, https:\/\/dmr-portugal.org\/wp-content\/uploads\/2026\/05\/associacoes-31-132x300.png 132w, https:\/\/dmr-portugal.org\/wp-content\/uploads\/2026\/05\/associacoes-31-66x150.png 66w\" sizes=\"(max-width: 304px) 100vw, 304px\" \/><\/a><\/p>\n<p>&nbsp;<\/p>\n<hr \/>\n<p>&nbsp;<\/p>\n","protected":false},"excerpt":{"rendered":"<p>Hist\u00f3rico da 31\u00aa sess\u00e3o Log da 31\u00aa sess\u00e3o do 9\u00ba ano &nbsp; Nesta sess\u00e3o 19 utilizadores fizeram representar a sua associa\u00e7\u00e3o. &nbsp; Nesta sess\u00e3o 3 utilizadores usaram equipamento Yaesu C4FM atrav\u00e9s de hotspot. 1 utilizador equipamento ICOM DSTAR. 3 utilizadores via rede Tetra. &nbsp; &nbsp; &nbsp; &nbsp;<\/p>\n","protected":false},"author":1,"featured_media":0,"parent":4674,"menu_order":14,"comment_status":"closed","ping_status":"closed","template":"","meta":{"footnotes":""},"class_list":["post-4888","page","type-page","status-publish","hentry"],"_links":{"self":[{"href":"https:\/\/dmr-portugal.org\/index.php?rest_route=\/wp\/v2\/pages\/4888","targetHints":{"allow":["GET"]}}],"collection":[{"href":"https:\/\/dmr-portugal.org\/index.php?rest_route=\/wp\/v2\/pages"}],"about":[{"href":"https:\/\/dmr-portugal.org\/index.php?rest_route=\/wp\/v2\/types\/page"}],"author":[{"embeddable":true,"href":"https:\/\/dmr-portugal.org\/index.php?rest_route=\/wp\/v2\/users\/1"}],"replies":[{"embeddable":true,"href":"https:\/\/dmr-portugal.org\/index.php?rest_route=%2Fwp%2Fv2%2Fcomments&post=4888"}],"version-history":[{"count":3,"href":"https:\/\/dmr-portugal.org\/index.php?rest_route=\/wp\/v2\/pages\/4888\/revisions"}],"predecessor-version":[{"id":4890,"href":"https:\/\/dmr-portugal.org\/index.php?rest_route=\/wp\/v2\/pages\/4888\/revisions\/4890"}],"up":[{"embeddable":true,"href":"https:\/\/dmr-portugal.org\/index.php?rest_route=\/wp\/v2\/pages\/4674"}],"wp:attachment":[{"href":"https:\/\/dmr-portugal.org\/index.php?rest_route=%2Fwp%2Fv2%2Fmedia&parent=4888"}],"curies":[{"name":"wp","href":"https:\/\/api.w.org\/{rel}","templated":true}]}}