{"id":4795,"date":"2026-04-07T15:10:46","date_gmt":"2026-04-07T14:10:46","guid":{"rendered":"https:\/\/dmr-portugal.org\/?page_id=4795"},"modified":"2026-04-07T15:19:26","modified_gmt":"2026-04-07T14:19:26","slug":"netct-23a-sessao","status":"publish","type":"page","link":"https:\/\/dmr-portugal.org\/?page_id=4795","title":{"rendered":"netCT 23\u00aa sess\u00e3o"},"content":{"rendered":"<p>&nbsp;<\/p>\n<p style=\"text-align: center;\"><span style=\"font-family: arial, helvetica, sans-serif; font-size: 20px;\"><strong>Hist\u00f3rico da 21\u00aa sess\u00e3o<\/strong><\/span><\/p>\n<p style=\"text-align: center;\"><a href=\"https:\/\/dmr-portugal.org\/wp-content\/uploads\/2026\/04\/netct-log-09-23-importa.png\"><img fetchpriority=\"high\" decoding=\"async\" class=\"aligncenter size-full wp-image-4798\" src=\"https:\/\/dmr-portugal.org\/wp-content\/uploads\/2026\/04\/netct-log-09-23-importa.png\" alt=\"\" width=\"816\" height=\"759\" srcset=\"https:\/\/dmr-portugal.org\/wp-content\/uploads\/2026\/04\/netct-log-09-23-importa.png 816w, https:\/\/dmr-portugal.org\/wp-content\/uploads\/2026\/04\/netct-log-09-23-importa-300x279.png 300w, https:\/\/dmr-portugal.org\/wp-content\/uploads\/2026\/04\/netct-log-09-23-importa-768x714.png 768w, https:\/\/dmr-portugal.org\/wp-content\/uploads\/2026\/04\/netct-log-09-23-importa-150x140.png 150w\" sizes=\"(max-width: 816px) 100vw, 816px\" \/><\/a><\/p>\n<p style=\"text-align: center;\"><span style=\"font-family: arial, helvetica, sans-serif;\"><em><strong>Log da 21\u00aa sess\u00e3o do 9\u00ba ano<\/strong><\/em><\/span><\/p>\n<p>&nbsp;<\/p>\n<p><span style=\"font-family: arial, helvetica, sans-serif;\">Nesta sess\u00e3o 18 utilizadores fizeram representar a sua associa\u00e7\u00e3o.\u00a0<\/span><\/p>\n<p>&nbsp;<\/p>\n<table style=\"border-collapse: collapse; width: 100%;\">\n<tbody>\n<tr>\n<td style=\"width: 459px; border-style: hidden; text-align: center;\"><a href=\"https:\/\/dmr-portugal.org\/wp-content\/uploads\/2026\/04\/estatisticas-23.png\"><img decoding=\"async\" class=\"aligncenter size-full wp-image-4799\" src=\"https:\/\/dmr-portugal.org\/wp-content\/uploads\/2026\/04\/estatisticas-23.png\" alt=\"\" width=\"293\" height=\"192\" srcset=\"https:\/\/dmr-portugal.org\/wp-content\/uploads\/2026\/04\/estatisticas-23.png 293w, https:\/\/dmr-portugal.org\/wp-content\/uploads\/2026\/04\/estatisticas-23-150x98.png 150w\" sizes=\"(max-width: 293px) 100vw, 293px\" \/><\/a><\/td>\n<td style=\"width: 459px; border-style: hidden;\"><a href=\"https:\/\/dmr-portugal.org\/wp-content\/uploads\/2026\/04\/top-tg-23.png\"><img decoding=\"async\" class=\"aligncenter wp-image-4800 size-full\" src=\"https:\/\/dmr-portugal.org\/wp-content\/uploads\/2026\/04\/top-tg-23.png\" alt=\"\" width=\"429\" height=\"129\" srcset=\"https:\/\/dmr-portugal.org\/wp-content\/uploads\/2026\/04\/top-tg-23.png 429w, https:\/\/dmr-portugal.org\/wp-content\/uploads\/2026\/04\/top-tg-23-300x90.png 300w, https:\/\/dmr-portugal.org\/wp-content\/uploads\/2026\/04\/top-tg-23-150x45.png 150w\" sizes=\"(max-width: 429px) 100vw, 429px\" \/><\/a><\/td>\n<\/tr>\n<\/tbody>\n<\/table>\n<p>&nbsp;<\/p>\n<p><a href=\"https:\/\/dmr-portugal.org\/wp-content\/uploads\/2026\/04\/associacoes-22.png\"><img loading=\"lazy\" decoding=\"async\" class=\"aligncenter size-full wp-image-4793\" src=\"https:\/\/dmr-portugal.org\/wp-content\/uploads\/2026\/04\/associacoes-22.png\" alt=\"\" width=\"289\" height=\"673\" srcset=\"https:\/\/dmr-portugal.org\/wp-content\/uploads\/2026\/04\/associacoes-22.png 289w, https:\/\/dmr-portugal.org\/wp-content\/uploads\/2026\/04\/associacoes-22-129x300.png 129w, https:\/\/dmr-portugal.org\/wp-content\/uploads\/2026\/04\/associacoes-22-64x150.png 64w\" sizes=\"(max-width: 289px) 100vw, 289px\" \/><\/a><\/p>\n<hr \/>\n<p>&nbsp;<\/p>\n","protected":false},"excerpt":{"rendered":"<p>&nbsp; Hist\u00f3rico da 21\u00aa sess\u00e3o Log da 21\u00aa sess\u00e3o do 9\u00ba ano &nbsp; Nesta sess\u00e3o 18 utilizadores fizeram representar a sua associa\u00e7\u00e3o.\u00a0 &nbsp; &nbsp; &nbsp;<\/p>\n","protected":false},"author":1,"featured_media":0,"parent":4674,"menu_order":22,"comment_status":"closed","ping_status":"closed","template":"","meta":{"footnotes":""},"class_list":["post-4795","page","type-page","status-publish","hentry"],"_links":{"self":[{"href":"https:\/\/dmr-portugal.org\/index.php?rest_route=\/wp\/v2\/pages\/4795","targetHints":{"allow":["GET"]}}],"collection":[{"href":"https:\/\/dmr-portugal.org\/index.php?rest_route=\/wp\/v2\/pages"}],"about":[{"href":"https:\/\/dmr-portugal.org\/index.php?rest_route=\/wp\/v2\/types\/page"}],"author":[{"embeddable":true,"href":"https:\/\/dmr-portugal.org\/index.php?rest_route=\/wp\/v2\/users\/1"}],"replies":[{"embeddable":true,"href":"https:\/\/dmr-portugal.org\/index.php?rest_route=%2Fwp%2Fv2%2Fcomments&post=4795"}],"version-history":[{"count":3,"href":"https:\/\/dmr-portugal.org\/index.php?rest_route=\/wp\/v2\/pages\/4795\/revisions"}],"predecessor-version":[{"id":4802,"href":"https:\/\/dmr-portugal.org\/index.php?rest_route=\/wp\/v2\/pages\/4795\/revisions\/4802"}],"up":[{"embeddable":true,"href":"https:\/\/dmr-portugal.org\/index.php?rest_route=\/wp\/v2\/pages\/4674"}],"wp:attachment":[{"href":"https:\/\/dmr-portugal.org\/index.php?rest_route=%2Fwp%2Fv2%2Fmedia&parent=4795"}],"curies":[{"name":"wp","href":"https:\/\/api.w.org\/{rel}","templated":true}]}}