{"id":4786,"date":"2026-04-07T15:04:13","date_gmt":"2026-04-07T14:04:13","guid":{"rendered":"https:\/\/dmr-portugal.org\/?page_id=4786"},"modified":"2026-04-07T15:28:27","modified_gmt":"2026-04-07T14:28:27","slug":"netct-22a-sessao","status":"publish","type":"page","link":"https:\/\/dmr-portugal.org\/?page_id=4786","title":{"rendered":"netCT 22\u00aa sess\u00e3o"},"content":{"rendered":"<p>&nbsp;<\/p>\n<p style=\"text-align: center;\"><strong><span style=\"font-family: arial, helvetica, sans-serif; font-size: 20px;\">Hist\u00f3rico da 22\u00aa sess\u00e3o<\/span><\/strong><\/p>\n<p style=\"text-align: center;\"><a href=\"https:\/\/dmr-portugal.org\/wp-content\/uploads\/2026\/04\/netct-log-09-22.png\"><img fetchpriority=\"high\" decoding=\"async\" class=\"aligncenter wp-image-4787 size-full\" src=\"https:\/\/dmr-portugal.org\/wp-content\/uploads\/2026\/04\/netct-log-09-22.png\" alt=\"\" width=\"824\" height=\"766\" srcset=\"https:\/\/dmr-portugal.org\/wp-content\/uploads\/2026\/04\/netct-log-09-22.png 824w, https:\/\/dmr-portugal.org\/wp-content\/uploads\/2026\/04\/netct-log-09-22-300x279.png 300w, https:\/\/dmr-portugal.org\/wp-content\/uploads\/2026\/04\/netct-log-09-22-768x714.png 768w, https:\/\/dmr-portugal.org\/wp-content\/uploads\/2026\/04\/netct-log-09-22-150x139.png 150w\" sizes=\"(max-width: 824px) 100vw, 824px\" \/><\/a><em><strong><span style=\"font-family: arial, helvetica, sans-serif;\">Log da 22\u00aa sess\u00e3o do 9\u00ba ano<\/span><\/strong><\/em><\/p>\n<p>&nbsp;<\/p>\n<p><span style=\"font-family: arial, helvetica, sans-serif;\">Nesta sess\u00e3o 17 utilizadores fizeram representar a sua associa\u00e7\u00e3o.\u00a0<\/span><\/p>\n<p>&nbsp;<\/p>\n<p><span style=\"font-family: arial, helvetica, sans-serif;\">Nesta sess\u00e3o 3 utilizadores usaram equipamento Yaesu C4FM, 1 atrav\u00e9s do repetidor C4FM os restantes via Hotspot pessoal.<\/span><\/p>\n<p>&nbsp;<\/p>\n<table style=\"border-collapse: collapse; width: 100%;\">\n<tbody>\n<tr>\n<td style=\"width: 459px; border-style: hidden; text-align: center;\"><a href=\"https:\/\/dmr-portugal.org\/wp-content\/uploads\/2026\/04\/estatisticas-22.png\"><img decoding=\"async\" class=\"aligncenter wp-image-4790 size-full\" src=\"https:\/\/dmr-portugal.org\/wp-content\/uploads\/2026\/04\/estatisticas-22.png\" alt=\"\" width=\"288\" height=\"197\" srcset=\"https:\/\/dmr-portugal.org\/wp-content\/uploads\/2026\/04\/estatisticas-22.png 288w, https:\/\/dmr-portugal.org\/wp-content\/uploads\/2026\/04\/estatisticas-22-150x103.png 150w\" sizes=\"(max-width: 288px) 100vw, 288px\" \/><\/a><\/td>\n<td style=\"width: 459px; border-style: hidden;\"><a href=\"https:\/\/dmr-portugal.org\/wp-content\/uploads\/2026\/04\/top-tg-22.png\"><img decoding=\"async\" class=\"aligncenter wp-image-4791 size-full\" src=\"https:\/\/dmr-portugal.org\/wp-content\/uploads\/2026\/04\/top-tg-22.png\" alt=\"\" width=\"428\" height=\"126\" srcset=\"https:\/\/dmr-portugal.org\/wp-content\/uploads\/2026\/04\/top-tg-22.png 428w, https:\/\/dmr-portugal.org\/wp-content\/uploads\/2026\/04\/top-tg-22-300x88.png 300w, https:\/\/dmr-portugal.org\/wp-content\/uploads\/2026\/04\/top-tg-22-150x44.png 150w\" sizes=\"(max-width: 428px) 100vw, 428px\" \/><\/a><\/td>\n<\/tr>\n<\/tbody>\n<\/table>\n<p><a href=\"https:\/\/dmr-portugal.org\/wp-content\/uploads\/2026\/04\/associacoes-23-1.png\"><img loading=\"lazy\" decoding=\"async\" class=\"aligncenter size-full wp-image-4803\" src=\"https:\/\/dmr-portugal.org\/wp-content\/uploads\/2026\/04\/associacoes-23-1.png\" alt=\"\" width=\"296\" height=\"667\" srcset=\"https:\/\/dmr-portugal.org\/wp-content\/uploads\/2026\/04\/associacoes-23-1.png 296w, https:\/\/dmr-portugal.org\/wp-content\/uploads\/2026\/04\/associacoes-23-1-133x300.png 133w, https:\/\/dmr-portugal.org\/wp-content\/uploads\/2026\/04\/associacoes-23-1-67x150.png 67w\" sizes=\"(max-width: 296px) 100vw, 296px\" \/><\/a><\/p>\n<p>&nbsp;<\/p>\n<hr \/>\n<p>&nbsp;<\/p>\n","protected":false},"excerpt":{"rendered":"<p>&nbsp; Hist\u00f3rico da 22\u00aa sess\u00e3o Log da 22\u00aa sess\u00e3o do 9\u00ba ano &nbsp; Nesta sess\u00e3o 17 utilizadores fizeram representar a sua associa\u00e7\u00e3o.\u00a0 &nbsp; Nesta sess\u00e3o 3 utilizadores usaram equipamento Yaesu C4FM, 1 atrav\u00e9s do repetidor C4FM os restantes via Hotspot pessoal. &nbsp; &nbsp; &nbsp;<\/p>\n","protected":false},"author":1,"featured_media":0,"parent":4674,"menu_order":23,"comment_status":"closed","ping_status":"closed","template":"","meta":{"footnotes":""},"class_list":["post-4786","page","type-page","status-publish","hentry"],"_links":{"self":[{"href":"https:\/\/dmr-portugal.org\/index.php?rest_route=\/wp\/v2\/pages\/4786","targetHints":{"allow":["GET"]}}],"collection":[{"href":"https:\/\/dmr-portugal.org\/index.php?rest_route=\/wp\/v2\/pages"}],"about":[{"href":"https:\/\/dmr-portugal.org\/index.php?rest_route=\/wp\/v2\/types\/page"}],"author":[{"embeddable":true,"href":"https:\/\/dmr-portugal.org\/index.php?rest_route=\/wp\/v2\/users\/1"}],"replies":[{"embeddable":true,"href":"https:\/\/dmr-portugal.org\/index.php?rest_route=%2Fwp%2Fv2%2Fcomments&post=4786"}],"version-history":[{"count":6,"href":"https:\/\/dmr-portugal.org\/index.php?rest_route=\/wp\/v2\/pages\/4786\/revisions"}],"predecessor-version":[{"id":4813,"href":"https:\/\/dmr-portugal.org\/index.php?rest_route=\/wp\/v2\/pages\/4786\/revisions\/4813"}],"up":[{"embeddable":true,"href":"https:\/\/dmr-portugal.org\/index.php?rest_route=\/wp\/v2\/pages\/4674"}],"wp:attachment":[{"href":"https:\/\/dmr-portugal.org\/index.php?rest_route=%2Fwp%2Fv2%2Fmedia&parent=4786"}],"curies":[{"name":"wp","href":"https:\/\/api.w.org\/{rel}","templated":true}]}}