{"id":4741,"date":"2026-02-27T14:33:31","date_gmt":"2026-02-27T14:33:31","guid":{"rendered":"https:\/\/dmr-portugal.org\/?page_id=4741"},"modified":"2026-02-27T14:42:56","modified_gmt":"2026-02-27T14:42:56","slug":"netct-18a-sessao-2","status":"publish","type":"page","link":"https:\/\/dmr-portugal.org\/?page_id=4741","title":{"rendered":"netCT 19\u00aa sess\u00e3o"},"content":{"rendered":"<p style=\"text-align: center;\"><strong style=\"font-size: 20px;\">Hist\u00f3rico da 19\u00aa sess\u00e3o<\/strong><\/p>\n<p style=\"text-align: center;\"><a href=\"https:\/\/dmr-portugal.org\/wp-content\/uploads\/2026\/02\/netct-log-09-19.png\"><img fetchpriority=\"high\" decoding=\"async\" class=\"size-full wp-image-4744 aligncenter\" src=\"https:\/\/dmr-portugal.org\/wp-content\/uploads\/2026\/02\/netct-log-09-19.png\" alt=\"\" width=\"801\" height=\"763\" srcset=\"https:\/\/dmr-portugal.org\/wp-content\/uploads\/2026\/02\/netct-log-09-19.png 801w, https:\/\/dmr-portugal.org\/wp-content\/uploads\/2026\/02\/netct-log-09-19-300x286.png 300w, https:\/\/dmr-portugal.org\/wp-content\/uploads\/2026\/02\/netct-log-09-19-768x732.png 768w, https:\/\/dmr-portugal.org\/wp-content\/uploads\/2026\/02\/netct-log-09-19-150x143.png 150w\" sizes=\"(max-width: 801px) 100vw, 801px\" \/><\/a><\/p>\n<p style=\"text-align: center;\"><strong><em><span style=\"font-family: arial, helvetica, sans-serif;\">Log da 19\u00aa sess\u00e3o do 9\u00ba ano<\/span><\/em><\/strong><\/p>\n<p>&nbsp;<\/p>\n<p><span style=\"font-family: arial, helvetica, sans-serif;\">Nesta sess\u00e3o 14 utilizadores fizeram representar a sua associa\u00e7\u00e3o.<\/span><\/p>\n<p>&nbsp;<\/p>\n<p><span style=\"font-family: arial, helvetica, sans-serif;\">Nesta sess\u00e3o 2 utilizadores usaram equipamento Yaesu C4FM atrav\u00e9s do repetidor C4FM da S. Estrela e 1 utilizador usando Hotspot YSF.<\/span><\/p>\n<p>&nbsp;<\/p>\n<table style=\"border-collapse: collapse; width: 100%;\">\n<tbody>\n<tr>\n<td style=\"width: 459px; border-style: hidden; text-align: center;\"><a href=\"https:\/\/dmr-portugal.org\/wp-content\/uploads\/2026\/02\/estatisticas-19.png\"><img decoding=\"async\" class=\"size-full wp-image-4748 aligncenter\" src=\"https:\/\/dmr-portugal.org\/wp-content\/uploads\/2026\/02\/estatisticas-19.png\" alt=\"\" width=\"251\" height=\"200\" srcset=\"https:\/\/dmr-portugal.org\/wp-content\/uploads\/2026\/02\/estatisticas-19.png 251w, https:\/\/dmr-portugal.org\/wp-content\/uploads\/2026\/02\/estatisticas-19-150x120.png 150w\" sizes=\"(max-width: 251px) 100vw, 251px\" \/><\/a><\/td>\n<td style=\"width: 459px; border-style: hidden; text-align: center;\"><a href=\"https:\/\/dmr-portugal.org\/wp-content\/uploads\/2026\/02\/top-tg-19.png\"><img decoding=\"async\" class=\"size-full wp-image-4749 aligncenter\" src=\"https:\/\/dmr-portugal.org\/wp-content\/uploads\/2026\/02\/top-tg-19.png\" alt=\"\" width=\"439\" height=\"138\" srcset=\"https:\/\/dmr-portugal.org\/wp-content\/uploads\/2026\/02\/top-tg-19.png 439w, https:\/\/dmr-portugal.org\/wp-content\/uploads\/2026\/02\/top-tg-19-300x94.png 300w, https:\/\/dmr-portugal.org\/wp-content\/uploads\/2026\/02\/top-tg-19-150x47.png 150w\" sizes=\"(max-width: 439px) 100vw, 439px\" \/><\/a><\/td>\n<\/tr>\n<\/tbody>\n<\/table>\n<p style=\"text-align: center;\"><a href=\"https:\/\/dmr-portugal.org\/wp-content\/uploads\/2026\/02\/associacoes-19.png\"><img loading=\"lazy\" decoding=\"async\" class=\"size-full wp-image-4750 aligncenter\" src=\"https:\/\/dmr-portugal.org\/wp-content\/uploads\/2026\/02\/associacoes-19.png\" alt=\"\" width=\"300\" height=\"645\" srcset=\"https:\/\/dmr-portugal.org\/wp-content\/uploads\/2026\/02\/associacoes-19.png 300w, https:\/\/dmr-portugal.org\/wp-content\/uploads\/2026\/02\/associacoes-19-140x300.png 140w, https:\/\/dmr-portugal.org\/wp-content\/uploads\/2026\/02\/associacoes-19-70x150.png 70w\" sizes=\"(max-width: 300px) 100vw, 300px\" \/><\/a><\/p>\n","protected":false},"excerpt":{"rendered":"<p>Hist\u00f3rico da 19\u00aa sess\u00e3o Log da 19\u00aa sess\u00e3o do 9\u00ba ano &nbsp; Nesta sess\u00e3o 14 utilizadores fizeram representar a sua associa\u00e7\u00e3o. &nbsp; Nesta sess\u00e3o 2 utilizadores usaram equipamento Yaesu C4FM atrav\u00e9s do repetidor C4FM da S. Estrela e 1 utilizador usando Hotspot YSF. &nbsp;<\/p>\n","protected":false},"author":1,"featured_media":0,"parent":4674,"menu_order":26,"comment_status":"closed","ping_status":"closed","template":"","meta":{"footnotes":""},"class_list":["post-4741","page","type-page","status-publish","hentry"],"_links":{"self":[{"href":"https:\/\/dmr-portugal.org\/index.php?rest_route=\/wp\/v2\/pages\/4741","targetHints":{"allow":["GET"]}}],"collection":[{"href":"https:\/\/dmr-portugal.org\/index.php?rest_route=\/wp\/v2\/pages"}],"about":[{"href":"https:\/\/dmr-portugal.org\/index.php?rest_route=\/wp\/v2\/types\/page"}],"author":[{"embeddable":true,"href":"https:\/\/dmr-portugal.org\/index.php?rest_route=\/wp\/v2\/users\/1"}],"replies":[{"embeddable":true,"href":"https:\/\/dmr-portugal.org\/index.php?rest_route=%2Fwp%2Fv2%2Fcomments&post=4741"}],"version-history":[{"count":7,"href":"https:\/\/dmr-portugal.org\/index.php?rest_route=\/wp\/v2\/pages\/4741\/revisions"}],"predecessor-version":[{"id":4752,"href":"https:\/\/dmr-portugal.org\/index.php?rest_route=\/wp\/v2\/pages\/4741\/revisions\/4752"}],"up":[{"embeddable":true,"href":"https:\/\/dmr-portugal.org\/index.php?rest_route=\/wp\/v2\/pages\/4674"}],"wp:attachment":[{"href":"https:\/\/dmr-portugal.org\/index.php?rest_route=%2Fwp%2Fv2%2Fmedia&parent=4741"}],"curies":[{"name":"wp","href":"https:\/\/api.w.org\/{rel}","templated":true}]}}