{"id":4610,"date":"2025-11-25T11:01:45","date_gmt":"2025-11-25T11:01:45","guid":{"rendered":"https:\/\/dmr-portugal.org\/?page_id=4610"},"modified":"2025-11-25T11:08:28","modified_gmt":"2025-11-25T11:08:28","slug":"netct-8a-sessao","status":"publish","type":"page","link":"https:\/\/dmr-portugal.org\/?page_id=4610","title":{"rendered":"netCT 8\u00aa sess\u00e3o"},"content":{"rendered":"<p>&nbsp;<\/p>\n<p style=\"text-align: center;\"><strong><span style=\"font-family: arial, helvetica, sans-serif; font-size: 20px;\">Hist\u00f3rico da 8\u00aa sess\u00e3o<\/span><\/strong><\/p>\n<p style=\"text-align: center;\"><a href=\"https:\/\/dmr-portugal.org\/wp-content\/uploads\/2025\/11\/netct-log-09-08.png\"><img fetchpriority=\"high\" decoding=\"async\" class=\"size-full wp-image-4613 aligncenter\" src=\"https:\/\/dmr-portugal.org\/wp-content\/uploads\/2025\/11\/netct-log-09-08.png\" alt=\"\" width=\"850\" height=\"777\" srcset=\"https:\/\/dmr-portugal.org\/wp-content\/uploads\/2025\/11\/netct-log-09-08.png 850w, https:\/\/dmr-portugal.org\/wp-content\/uploads\/2025\/11\/netct-log-09-08-300x274.png 300w, https:\/\/dmr-portugal.org\/wp-content\/uploads\/2025\/11\/netct-log-09-08-768x702.png 768w, https:\/\/dmr-portugal.org\/wp-content\/uploads\/2025\/11\/netct-log-09-08-150x137.png 150w\" sizes=\"(max-width: 850px) 100vw, 850px\" \/><\/a><\/p>\n<p style=\"text-align: center;\"><em><strong><span style=\"font-family: arial, helvetica, sans-serif;\">Log da 8\u00aa sess\u00e3o do 9\u00ba ano<\/span><\/strong><\/em><\/p>\n<p>&nbsp;<\/p>\n<p><span style=\"font-family: arial, helvetica, sans-serif;\">Nesta sess\u00e3o 27 utilizadores fizeram representar a sua associa\u00e7\u00e3o.<\/span><\/p>\n<p>&nbsp;<\/p>\n<p><span style=\"font-family: arial, helvetica, sans-serif;\">Nesta sess\u00e3o 4 utilizadores usaram equipamento Yaesu C4FM, 1 utilizador com equipamento ICOM DSTAR.<\/span><\/p>\n<p>&nbsp;<\/p>\n<table style=\"border-collapse: collapse; width: 100%;\">\n<tbody>\n<tr>\n<td style=\"width: 390px; border-style: hidden;\"><a href=\"https:\/\/dmr-portugal.org\/wp-content\/uploads\/2025\/11\/estatsticas-8.png\"><img decoding=\"async\" class=\"size-full wp-image-4614 aligncenter\" src=\"https:\/\/dmr-portugal.org\/wp-content\/uploads\/2025\/11\/estatsticas-8.png\" alt=\"\" width=\"249\" height=\"231\" srcset=\"https:\/\/dmr-portugal.org\/wp-content\/uploads\/2025\/11\/estatsticas-8.png 249w, https:\/\/dmr-portugal.org\/wp-content\/uploads\/2025\/11\/estatsticas-8-150x139.png 150w\" sizes=\"(max-width: 249px) 100vw, 249px\" \/><\/a><\/td>\n<td style=\"width: 390px; border-style: hidden;\"><a href=\"https:\/\/dmr-portugal.org\/wp-content\/uploads\/2025\/11\/top-tg-8.png\"><img decoding=\"async\" class=\"size-full wp-image-4615 aligncenter\" src=\"https:\/\/dmr-portugal.org\/wp-content\/uploads\/2025\/11\/top-tg-8.png\" alt=\"\" width=\"432\" height=\"402\" srcset=\"https:\/\/dmr-portugal.org\/wp-content\/uploads\/2025\/11\/top-tg-8.png 432w, https:\/\/dmr-portugal.org\/wp-content\/uploads\/2025\/11\/top-tg-8-300x279.png 300w, https:\/\/dmr-portugal.org\/wp-content\/uploads\/2025\/11\/top-tg-8-150x140.png 150w\" sizes=\"(max-width: 432px) 100vw, 432px\" \/><\/a><\/td>\n<\/tr>\n<\/tbody>\n<\/table>\n<p style=\"text-align: center;\"><a href=\"https:\/\/dmr-portugal.org\/wp-content\/uploads\/2025\/11\/associacoes-8.png\"><img loading=\"lazy\" decoding=\"async\" class=\"size-full wp-image-4617 aligncenter\" src=\"https:\/\/dmr-portugal.org\/wp-content\/uploads\/2025\/11\/associacoes-8.png\" alt=\"\" width=\"299\" height=\"641\" srcset=\"https:\/\/dmr-portugal.org\/wp-content\/uploads\/2025\/11\/associacoes-8.png 299w, https:\/\/dmr-portugal.org\/wp-content\/uploads\/2025\/11\/associacoes-8-140x300.png 140w, https:\/\/dmr-portugal.org\/wp-content\/uploads\/2025\/11\/associacoes-8-70x150.png 70w\" sizes=\"(max-width: 299px) 100vw, 299px\" \/><\/a><\/p>\n","protected":false},"excerpt":{"rendered":"<p>&nbsp; Hist\u00f3rico da 8\u00aa sess\u00e3o Log da 8\u00aa sess\u00e3o do 9\u00ba ano &nbsp; Nesta sess\u00e3o 27 utilizadores fizeram representar a sua associa\u00e7\u00e3o. &nbsp; Nesta sess\u00e3o 4 utilizadores usaram equipamento Yaesu C4FM, 1 utilizador com equipamento ICOM DSTAR. &nbsp;<\/p>\n","protected":false},"author":1,"featured_media":0,"parent":4490,"menu_order":37,"comment_status":"closed","ping_status":"closed","template":"","meta":{"footnotes":""},"class_list":["post-4610","page","type-page","status-publish","hentry"],"_links":{"self":[{"href":"https:\/\/dmr-portugal.org\/index.php?rest_route=\/wp\/v2\/pages\/4610","targetHints":{"allow":["GET"]}}],"collection":[{"href":"https:\/\/dmr-portugal.org\/index.php?rest_route=\/wp\/v2\/pages"}],"about":[{"href":"https:\/\/dmr-portugal.org\/index.php?rest_route=\/wp\/v2\/types\/page"}],"author":[{"embeddable":true,"href":"https:\/\/dmr-portugal.org\/index.php?rest_route=\/wp\/v2\/users\/1"}],"replies":[{"embeddable":true,"href":"https:\/\/dmr-portugal.org\/index.php?rest_route=%2Fwp%2Fv2%2Fcomments&post=4610"}],"version-history":[{"count":4,"href":"https:\/\/dmr-portugal.org\/index.php?rest_route=\/wp\/v2\/pages\/4610\/revisions"}],"predecessor-version":[{"id":4612,"href":"https:\/\/dmr-portugal.org\/index.php?rest_route=\/wp\/v2\/pages\/4610\/revisions\/4612"}],"up":[{"embeddable":true,"href":"https:\/\/dmr-portugal.org\/index.php?rest_route=\/wp\/v2\/pages\/4490"}],"wp:attachment":[{"href":"https:\/\/dmr-portugal.org\/index.php?rest_route=%2Fwp%2Fv2%2Fmedia&parent=4610"}],"curies":[{"name":"wp","href":"https:\/\/api.w.org\/{rel}","templated":true}]}}