{"id":4596,"date":"2025-11-25T10:48:01","date_gmt":"2025-11-25T10:48:01","guid":{"rendered":"https:\/\/dmr-portugal.org\/?page_id=4596"},"modified":"2025-11-25T11:00:56","modified_gmt":"2025-11-25T11:00:56","slug":"netct-7a-sessao","status":"publish","type":"page","link":"https:\/\/dmr-portugal.org\/?page_id=4596","title":{"rendered":"netCT 7\u00aa sess\u00e3o"},"content":{"rendered":"<p>&nbsp;<\/p>\n<p style=\"text-align: center;\"><strong><span style=\"font-family: arial, helvetica, sans-serif; font-size: 20px;\">Hist\u00f3rico da 7\u00aa sess\u00e3o<\/span><\/strong><\/p>\n<p style=\"text-align: center;\"><a href=\"https:\/\/dmr-portugal.org\/wp-content\/uploads\/2025\/11\/netct-log-09-07.png\"><img fetchpriority=\"high\" decoding=\"async\" class=\"size-full wp-image-4599 aligncenter\" src=\"https:\/\/dmr-portugal.org\/wp-content\/uploads\/2025\/11\/netct-log-09-07.png\" alt=\"\" width=\"843\" height=\"765\" srcset=\"https:\/\/dmr-portugal.org\/wp-content\/uploads\/2025\/11\/netct-log-09-07.png 843w, https:\/\/dmr-portugal.org\/wp-content\/uploads\/2025\/11\/netct-log-09-07-300x272.png 300w, https:\/\/dmr-portugal.org\/wp-content\/uploads\/2025\/11\/netct-log-09-07-768x697.png 768w, https:\/\/dmr-portugal.org\/wp-content\/uploads\/2025\/11\/netct-log-09-07-150x136.png 150w\" sizes=\"(max-width: 843px) 100vw, 843px\" \/><\/a><\/p>\n<p style=\"text-align: center;\"><span style=\"font-family: arial, helvetica, sans-serif;\"><strong><em>Log da 7\u00aa sess\u00e3o do 9\u00ba ano<\/em><\/strong><\/span><\/p>\n<p>&nbsp;<\/p>\n<p><span style=\"font-family: arial, helvetica, sans-serif;\">Nesta sess\u00e3o 16 utilizadores fizeram representar a sua associa\u00e7\u00e3o.<\/span><\/p>\n<p>&nbsp;<\/p>\n<p><span style=\"font-family: arial, helvetica, sans-serif;\">Nesta sess\u00e3o 3 utilizadores usaram equipamento Yaesu C4FM, 1 atrav\u00e9s do repetidor C4FM do Aresta.<\/span><\/p>\n<p>&nbsp;<\/p>\n<p style=\"text-align: center;\"><strong><span style=\"font-family: arial, helvetica, sans-serif; font-size: 20px;\">Fotos<\/span><\/strong><\/p>\n<p style=\"text-align: center;\"><a href=\"https:\/\/dmr-portugal.org\/wp-content\/uploads\/2025\/11\/ct2gql-7-9.jpg\"><img decoding=\"async\" class=\"aligncenter wp-image-4602 size-large\" src=\"https:\/\/dmr-portugal.org\/wp-content\/uploads\/2025\/11\/ct2gql-7-9-768x1024.jpg\" alt=\"\" width=\"768\" height=\"1024\" srcset=\"https:\/\/dmr-portugal.org\/wp-content\/uploads\/2025\/11\/ct2gql-7-9-768x1024.jpg 768w, https:\/\/dmr-portugal.org\/wp-content\/uploads\/2025\/11\/ct2gql-7-9-225x300.jpg 225w, https:\/\/dmr-portugal.org\/wp-content\/uploads\/2025\/11\/ct2gql-7-9-1152x1536.jpg 1152w, https:\/\/dmr-portugal.org\/wp-content\/uploads\/2025\/11\/ct2gql-7-9-113x150.jpg 113w, https:\/\/dmr-portugal.org\/wp-content\/uploads\/2025\/11\/ct2gql-7-9.jpg 1530w\" sizes=\"(max-width: 768px) 100vw, 768px\" \/><\/a><\/p>\n<p>&nbsp;<\/p>\n<table style=\"border-collapse: collapse; width: 100.228%; height: 470px;\">\n<tbody>\n<tr>\n<td style=\"width: 50%; border-style: hidden;\"><a href=\"https:\/\/dmr-portugal.org\/wp-content\/uploads\/2025\/11\/estatsticas-7.png\"><img decoding=\"async\" class=\"size-full wp-image-4603 aligncenter\" src=\"https:\/\/dmr-portugal.org\/wp-content\/uploads\/2025\/11\/estatsticas-7.png\" alt=\"\" width=\"267\" height=\"203\" srcset=\"https:\/\/dmr-portugal.org\/wp-content\/uploads\/2025\/11\/estatsticas-7.png 267w, https:\/\/dmr-portugal.org\/wp-content\/uploads\/2025\/11\/estatsticas-7-150x114.png 150w\" sizes=\"(max-width: 267px) 100vw, 267px\" \/><\/a><\/td>\n<td style=\"width: 50%; border-style: hidden;\"><a href=\"https:\/\/dmr-portugal.org\/wp-content\/uploads\/2025\/11\/top-tg-7.png\"><img loading=\"lazy\" decoding=\"async\" class=\"size-full wp-image-4604 aligncenter\" src=\"https:\/\/dmr-portugal.org\/wp-content\/uploads\/2025\/11\/top-tg-7.png\" alt=\"\" width=\"431\" height=\"491\" srcset=\"https:\/\/dmr-portugal.org\/wp-content\/uploads\/2025\/11\/top-tg-7.png 431w, https:\/\/dmr-portugal.org\/wp-content\/uploads\/2025\/11\/top-tg-7-263x300.png 263w, https:\/\/dmr-portugal.org\/wp-content\/uploads\/2025\/11\/top-tg-7-132x150.png 132w\" sizes=\"(max-width: 431px) 100vw, 431px\" \/><\/a><\/td>\n<\/tr>\n<\/tbody>\n<\/table>\n<p>&nbsp;<\/p>\n<p style=\"text-align: center;\"><a href=\"https:\/\/dmr-portugal.org\/wp-content\/uploads\/2025\/11\/associacoes-7.png\"><img loading=\"lazy\" decoding=\"async\" class=\"size-full wp-image-4608 aligncenter\" src=\"https:\/\/dmr-portugal.org\/wp-content\/uploads\/2025\/11\/associacoes-7.png\" alt=\"\" width=\"296\" height=\"605\" srcset=\"https:\/\/dmr-portugal.org\/wp-content\/uploads\/2025\/11\/associacoes-7.png 296w, https:\/\/dmr-portugal.org\/wp-content\/uploads\/2025\/11\/associacoes-7-147x300.png 147w, https:\/\/dmr-portugal.org\/wp-content\/uploads\/2025\/11\/associacoes-7-73x150.png 73w\" sizes=\"(max-width: 296px) 100vw, 296px\" \/><\/a><\/p>\n","protected":false},"excerpt":{"rendered":"<p>&nbsp; Hist\u00f3rico da 7\u00aa sess\u00e3o Log da 7\u00aa sess\u00e3o do 9\u00ba ano &nbsp; Nesta sess\u00e3o 16 utilizadores fizeram representar a sua associa\u00e7\u00e3o. &nbsp; Nesta sess\u00e3o 3 utilizadores usaram equipamento Yaesu C4FM, 1 atrav\u00e9s do repetidor C4FM do Aresta. &nbsp; Fotos &nbsp; &nbsp;<\/p>\n","protected":false},"author":1,"featured_media":0,"parent":4490,"menu_order":38,"comment_status":"closed","ping_status":"closed","template":"","meta":{"footnotes":""},"class_list":["post-4596","page","type-page","status-publish","hentry"],"_links":{"self":[{"href":"https:\/\/dmr-portugal.org\/index.php?rest_route=\/wp\/v2\/pages\/4596","targetHints":{"allow":["GET"]}}],"collection":[{"href":"https:\/\/dmr-portugal.org\/index.php?rest_route=\/wp\/v2\/pages"}],"about":[{"href":"https:\/\/dmr-portugal.org\/index.php?rest_route=\/wp\/v2\/types\/page"}],"author":[{"embeddable":true,"href":"https:\/\/dmr-portugal.org\/index.php?rest_route=\/wp\/v2\/users\/1"}],"replies":[{"embeddable":true,"href":"https:\/\/dmr-portugal.org\/index.php?rest_route=%2Fwp%2Fv2%2Fcomments&post=4596"}],"version-history":[{"count":8,"href":"https:\/\/dmr-portugal.org\/index.php?rest_route=\/wp\/v2\/pages\/4596\/revisions"}],"predecessor-version":[{"id":4609,"href":"https:\/\/dmr-portugal.org\/index.php?rest_route=\/wp\/v2\/pages\/4596\/revisions\/4609"}],"up":[{"embeddable":true,"href":"https:\/\/dmr-portugal.org\/index.php?rest_route=\/wp\/v2\/pages\/4490"}],"wp:attachment":[{"href":"https:\/\/dmr-portugal.org\/index.php?rest_route=%2Fwp%2Fv2%2Fmedia&parent=4596"}],"curies":[{"name":"wp","href":"https:\/\/api.w.org\/{rel}","templated":true}]}}