{"id":4455,"date":"2025-09-01T11:50:55","date_gmt":"2025-09-01T10:50:55","guid":{"rendered":"https:\/\/dmr-portugal.org\/?page_id=4455"},"modified":"2025-09-01T14:42:53","modified_gmt":"2025-09-01T13:42:53","slug":"fecho-2024-25","status":"publish","type":"page","link":"https:\/\/dmr-portugal.org\/?page_id=4455","title":{"rendered":"Fecho 2024\/25"},"content":{"rendered":"<p>&nbsp;<\/p>\n<p><span style=\"font-family: arial, helvetica, sans-serif;\">Pelo 8\u00ba ano consecutivo esta s\u00e9rie acabou. <\/span><\/p>\n<p><span style=\"font-family: arial, helvetica, sans-serif;\">Este ano pretendemos criar algo mais como motiva\u00e7\u00e3o de presen\u00e7as, assim foi pedido aos utilizadores que fizessem envio de uma foto mostrando a sua presen\u00e7a durante uma Net, foi tamb\u00e9m apresentado um modelo de quest\u00f5es criadas pelo suporte, esperava-se que houvesse colabora\u00e7\u00e3o da parte dos utilizadores com alguma quest\u00e3o que pudesse ser colocada durante a Net. Foram criados diplomas para as selfies, para o Quiz (quest\u00f5es) e um diploma a atribuir \u00e0 associa\u00e7\u00e3o mais representada.<\/span><\/p>\n<p>&nbsp;<\/p>\n<p style=\"padding-left: 40px;\"><strong><span style=\"font-family: arial, helvetica, sans-serif; font-size: 20px;\">Por decis\u00e3o da equipa &#8216;dmr.pt&#8217; foi tamb\u00e9m atribu\u00eddo diploma \u00e0 esta\u00e7\u00e3o com mais horas de utiliza\u00e7\u00e3o durante Jan\/Jul 2025.<\/span><\/strong><\/p>\n<p style=\"text-align: center;\"><span style=\"font-family: arial, helvetica, sans-serif; font-size: 20px;\">CT2JTN &#8211; 120 H<\/span><\/p>\n<p style=\"text-align: center;\"><span style=\"font-family: arial, helvetica, sans-serif; font-size: 20px;\">CT2CRP &#8211; 113 H<\/span><\/p>\n<p>&nbsp;<\/p>\n<p><span style=\"font-family: arial, helvetica, sans-serif;\">No proposto na netCT foram ent\u00e3o atribu\u00eddos os seguintes diplomas:<\/span><\/p>\n<p>&nbsp;<\/p>\n<p>&nbsp;<\/p>\n<table style=\"border-collapse: collapse; width: 99.8888%; height: 338px;\">\n<tbody>\n<tr style=\"height: 25px;\">\n<td style=\"width: 847px; height: 25px; text-align: center; border-style: hidden;\"><span style=\"font-family: 'arial black', sans-serif;\">Diploma Associativismo<\/span><span style=\"font-family: arial, helvetica, sans-serif;\"><br \/>\n<\/span><\/td>\n<\/tr>\n<tr style=\"height: 24px;\">\n<td style=\"width: 847px; height: 24px; text-align: center; border-style: hidden;\"><span style=\"font-family: arial, helvetica, sans-serif;\">ANARPT<\/span><\/td>\n<\/tr>\n<tr style=\"height: 25px;\">\n<td style=\"width: 847px; height: 25px; text-align: center; border-style: hidden;\"><span style=\"font-family: 'arial black', sans-serif;\">Diploma Quiz<\/span><\/td>\n<\/tr>\n<tr style=\"height: 24px;\">\n<td style=\"width: 847px; height: 24px; text-align: center; border-style: hidden;\"><span style=\"font-family: arial, helvetica, sans-serif;\">1\u00ba &#8211; CT1DGC 116 pontos<\/span><\/td>\n<\/tr>\n<tr style=\"height: 24px;\">\n<td style=\"width: 847px; height: 24px; text-align: center; border-style: hidden;\"><span style=\"font-family: arial, helvetica, sans-serif;\">2\u00ba &#8211; CT7AWH 112 pontos<\/span><\/td>\n<\/tr>\n<tr style=\"height: 24px;\">\n<td style=\"width: 847px; text-align: center; height: 24px; border-style: hidden;\"><span style=\"font-family: arial, helvetica, sans-serif;\">3\u00baex &#8211; CS7AIK 35 pontos<\/span><\/td>\n<\/tr>\n<tr style=\"height: 24px;\">\n<td style=\"width: 847px; text-align: center; height: 24px; border-style: hidden;\"><span style=\"font-family: arial, helvetica, sans-serif;\">3\u00baex &#8211; CT2ITF 35 pontos<\/span><\/td>\n<\/tr>\n<tr style=\"height: 25px;\">\n<td style=\"width: 847px; text-align: center; height: 25px; border-style: hidden;\"><span style=\"font-family: 'arial black', sans-serif;\">Diploma &#8216;Selfie&#8217;<\/span><\/td>\n<\/tr>\n<tr style=\"height: 24px;\">\n<td style=\"width: 847px; height: 24px; text-align: center; border-style: hidden;\"><span style=\"font-family: arial, helvetica, sans-serif;\">CT1DGC &#8211; 12 pontos<\/span><\/td>\n<\/tr>\n<\/tbody>\n<\/table>\n<p>&nbsp;<\/p>\n<p>&nbsp;<\/p>\n<p style=\"text-align: center;\"><span style=\"font-size: 20px;\"><em><span style=\"font-family: arial, helvetica, sans-serif;\">Mas n\u00e3o acab\u00e1mos&#8230; Voltamos a 3\/9 para a 9\u00aa s\u00e9rie desta que \u00e9 a vossa netCT<\/span><\/em><\/span><\/p>\n","protected":false},"excerpt":{"rendered":"<p>&nbsp; Pelo 8\u00ba ano consecutivo esta s\u00e9rie acabou. Este ano pretendemos criar algo mais como motiva\u00e7\u00e3o de presen\u00e7as, assim foi pedido aos utilizadores que fizessem envio de uma foto mostrando a sua presen\u00e7a durante uma Net, foi tamb\u00e9m apresentado um modelo de quest\u00f5es criadas pelo suporte, esperava-se que houvesse colabora\u00e7\u00e3o \u2026 <a class=\"continue-reading-link\" href=\"https:\/\/dmr-portugal.org\/?page_id=4455\"> Continua&#8230; <span class=\"meta-nav\">&rarr; <\/span><\/a><\/p>\n","protected":false},"author":1,"featured_media":0,"parent":3536,"menu_order":0,"comment_status":"closed","ping_status":"closed","template":"","meta":{"footnotes":""},"class_list":["post-4455","page","type-page","status-publish","hentry"],"_links":{"self":[{"href":"https:\/\/dmr-portugal.org\/index.php?rest_route=\/wp\/v2\/pages\/4455","targetHints":{"allow":["GET"]}}],"collection":[{"href":"https:\/\/dmr-portugal.org\/index.php?rest_route=\/wp\/v2\/pages"}],"about":[{"href":"https:\/\/dmr-portugal.org\/index.php?rest_route=\/wp\/v2\/types\/page"}],"author":[{"embeddable":true,"href":"https:\/\/dmr-portugal.org\/index.php?rest_route=\/wp\/v2\/users\/1"}],"replies":[{"embeddable":true,"href":"https:\/\/dmr-portugal.org\/index.php?rest_route=%2Fwp%2Fv2%2Fcomments&post=4455"}],"version-history":[{"count":13,"href":"https:\/\/dmr-portugal.org\/index.php?rest_route=\/wp\/v2\/pages\/4455\/revisions"}],"predecessor-version":[{"id":4469,"href":"https:\/\/dmr-portugal.org\/index.php?rest_route=\/wp\/v2\/pages\/4455\/revisions\/4469"}],"up":[{"embeddable":true,"href":"https:\/\/dmr-portugal.org\/index.php?rest_route=\/wp\/v2\/pages\/3536"}],"wp:attachment":[{"href":"https:\/\/dmr-portugal.org\/index.php?rest_route=%2Fwp%2Fv2%2Fmedia&parent=4455"}],"curies":[{"name":"wp","href":"https:\/\/api.w.org\/{rel}","templated":true}]}}