{"id":4392,"date":"2025-08-31T19:33:26","date_gmt":"2025-08-31T18:33:26","guid":{"rendered":"https:\/\/dmr-portugal.org\/?page_id=4392"},"modified":"2025-09-02T17:44:34","modified_gmt":"2025-09-02T16:44:34","slug":"suporte","status":"publish","type":"page","link":"https:\/\/dmr-portugal.org\/?page_id=4392","title":{"rendered":"Suporte"},"content":{"rendered":"<p>&nbsp;<\/p>\n<h1 data-start=\"370\" data-end=\"452\"><span style=\"font-family: arial, helvetica, sans-serif;\">Apresenta\u00e7\u00e3o nacional do portal de Suporte Digital para Radioamadores<\/span><\/h1>\n<p>&nbsp;<\/p>\n<p>&nbsp;<\/p>\n<p data-start=\"454\" data-end=\"919\"><span style=\"font-family: arial, helvetica, sans-serif;\">O r\u00e1dio amadorismo tem uma longa tradi\u00e7\u00e3o de inova\u00e7\u00e3o e servi\u00e7o \u00e0 comunidade. Nos \u00faltimos anos, a evolu\u00e7\u00e3o dos modos digitais de voz \u2014 como <strong data-start=\"598\" data-end=\"641\">DMR, D-STAR, C4FM, NXDN, TETRA e outros<\/strong> \u2014 abriu novas possibilidades de comunica\u00e7\u00e3o, integra\u00e7\u00e3o em rede e interliga\u00e7\u00e3o internacional. Esta transforma\u00e7\u00e3o trouxe benef\u00edcios claros: maior qualidade de \u00e1udio, funcionalidades avan\u00e7adas, conectividade com redes mundiais e novas formas de colabora\u00e7\u00e3o entre radioamadores.<\/span><\/p>\n<p data-start=\"921\" data-end=\"1207\"><span style=\"font-family: arial, helvetica, sans-serif;\">Ao mesmo tempo, esta diversidade tecnol\u00f3gica levanta desafios t\u00e9cnicos: configura\u00e7\u00e3o de equipamentos, integra\u00e7\u00e3o com repetidores, atualiza\u00e7\u00e3o de firmwares, gest\u00e3o de IDs digitais, configura\u00e7\u00e3o de hotspots, compatibilidade entre sistemas e d\u00favidas sobre as boas pr\u00e1ticas de utiliza\u00e7\u00e3o.<\/span><\/p>\n<p data-start=\"1209\" data-end=\"1343\"><span style=\"font-family: arial, helvetica, sans-serif;\">\u00c9 precisamente para responder a estas necessidades que nasce este portal<strong data-start=\"1275\" data-end=\"1340\"> Suporte BrandMeister Portugal <\/strong>para Radioamadores.<\/span><\/p>\n<hr data-start=\"1345\" data-end=\"1348\" \/>\n<h3 data-start=\"1350\" data-end=\"1376\"><span style=\"font-family: arial, helvetica, sans-serif;\">Objetivos do portal<\/span><\/h3>\n<ul data-start=\"1377\" data-end=\"1987\">\n<li data-start=\"1377\" data-end=\"1457\">\n<p data-start=\"1379\" data-end=\"1457\"><span style=\"font-family: arial, helvetica, sans-serif;\"><strong data-start=\"1379\" data-end=\"1413\">Centralizar informa\u00e7\u00e3o t\u00e9cnica<\/strong> sobre DMR e outros modos digitais de voz.<\/span><\/p>\n<\/li>\n<li data-start=\"1458\" data-end=\"1609\">\n<p data-start=\"1460\" data-end=\"1609\"><span style=\"font-family: arial, helvetica, sans-serif;\"><strong data-start=\"1460\" data-end=\"1495\">Disponibilizar suporte dedicado<\/strong> a todos os radioamadores nacionais que procurem ajuda para instalar, configurar ou operar os seus equipamentos.<\/span><\/p>\n<\/li>\n<li data-start=\"1610\" data-end=\"1735\">\n<p data-start=\"1612\" data-end=\"1735\"><span style=\"font-family: arial, helvetica, sans-serif;\"><strong data-start=\"1612\" data-end=\"1651\">Promover a partilha de conhecimento<\/strong> e boas pr\u00e1ticas, com base na experi\u00eancia de utilizadores e t\u00e9cnicos qualificados.<\/span><\/p>\n<\/li>\n<li data-start=\"1736\" data-end=\"1867\">\n<p data-start=\"1738\" data-end=\"1867\"><span style=\"font-family: arial, helvetica, sans-serif;\"><strong data-start=\"1738\" data-end=\"1764\">Facilitar a integra\u00e7\u00e3o<\/strong> de novos colegas no mundo digital, reduzindo barreiras t\u00e9cnicas e simplificando os primeiros passos.<\/span><\/p>\n<\/li>\n<li data-start=\"1868\" data-end=\"1987\">\n<p data-start=\"1870\" data-end=\"1987\"><span style=\"font-family: arial, helvetica, sans-serif;\"><strong data-start=\"1870\" data-end=\"1904\">Garantir a fiabilidade da rede<\/strong>, apoiando a manuten\u00e7\u00e3o e utiliza\u00e7\u00e3o respons\u00e1vel dos recursos coletivos de r\u00e1dio.<\/span><\/p>\n<\/li>\n<\/ul>\n<hr data-start=\"1989\" data-end=\"1992\" \/>\n<h3 data-start=\"1994\" data-end=\"2018\"><span style=\"font-family: arial, helvetica, sans-serif;\">O que oferecemos<\/span><\/h3>\n<ul data-start=\"2019\" data-end=\"2559\">\n<li data-start=\"2019\" data-end=\"2145\">\n<p data-start=\"2021\" data-end=\"2145\"><span style=\"font-family: arial, helvetica, sans-serif;\"><strong data-start=\"2021\" data-end=\"2066\">Canal \u00fanico de pedidos de suporte t\u00e9cnico<\/strong>: cada utilizador pode abrir um pedido e acompanhar o progresso da resolu\u00e7\u00e3o.<\/span><\/p>\n<\/li>\n<li data-start=\"2146\" data-end=\"2262\">\n<p data-start=\"2148\" data-end=\"2262\"><span style=\"font-family: arial, helvetica, sans-serif;\"><strong data-start=\"2148\" data-end=\"2180\">Guias e documenta\u00e7\u00e3o pr\u00e1tica<\/strong>, em portugu\u00eas, sobre a configura\u00e7\u00e3o de r\u00e1dios, hotspots e repetidores digitais.<\/span><\/p>\n<\/li>\n<li data-start=\"2263\" data-end=\"2350\">\n<p data-start=\"2265\" data-end=\"2350\"><span style=\"font-family: arial, helvetica, sans-serif;\"><strong data-start=\"2265\" data-end=\"2294\">Artigos de esclarecimento<\/strong> sobre normas, protocolos e interliga\u00e7\u00f5es entre redes.<\/span><\/p>\n<\/li>\n<li data-start=\"2351\" data-end=\"2457\">\n<p data-start=\"2353\" data-end=\"2457\"><span style=\"font-family: arial, helvetica, sans-serif;\"><strong data-start=\"2353\" data-end=\"2387\">Respostas r\u00e1pidas a incidentes<\/strong> que afetem o funcionamento da rede nacional ou o acesso individual.<\/span><\/p>\n<\/li>\n<li data-start=\"2458\" data-end=\"2559\">\n<p data-start=\"2460\" data-end=\"2559\"><span style=\"font-family: arial, helvetica, sans-serif;\"><strong data-start=\"2460\" data-end=\"2509\">Colabora\u00e7\u00e3o com associa\u00e7\u00f5es e grupos de r\u00e1dio<\/strong> para refor\u00e7ar a interliga\u00e7\u00e3o entre comunidades.<\/span><\/p>\n<\/li>\n<\/ul>\n<hr data-start=\"2561\" data-end=\"2564\" \/>\n<h3 data-start=\"2566\" data-end=\"2590\"><span style=\"font-family: arial, helvetica, sans-serif;\">A quem se destina<\/span><\/h3>\n<p data-start=\"2591\" data-end=\"2760\"><span style=\"font-family: arial, helvetica, sans-serif;\">Este portal \u00e9 dirigido a <strong data-start=\"2616\" data-end=\"2654\">todos os radioamadores portugueses<\/strong> \u2014 desde os mais experientes at\u00e9 quem est\u00e1 a iniciar-se nos modos digitais.<\/span><br data-start=\"2729\" data-end=\"2732\" \/><span style=\"font-family: arial, helvetica, sans-serif;\">Aqui encontrar\u00e1s apoio se:<\/span><\/p>\n<ul data-start=\"2761\" data-end=\"3099\">\n<li data-start=\"2761\" data-end=\"2831\">\n<p data-start=\"2763\" data-end=\"2831\"><span style=\"font-family: arial, helvetica, sans-serif;\">Precisas de configurar o teu r\u00e1dio para aceder a uma rede digital.<\/span><\/p>\n<\/li>\n<li data-start=\"2832\" data-end=\"2887\">\n<p data-start=\"2834\" data-end=\"2887\"><span style=\"font-family: arial, helvetica, sans-serif;\">Tens d\u00favidas sobre IDs DMR ou tabelas de contactos.<\/span><\/p>\n<\/li>\n<li data-start=\"2888\" data-end=\"2972\">\n<p data-start=\"2890\" data-end=\"2972\"><span style=\"font-family: arial, helvetica, sans-serif;\">Queres compreender melhor as diferen\u00e7as entre DMR, D-STAR, C4FM ou outros modos.<\/span><\/p>\n<\/li>\n<li data-start=\"2973\" data-end=\"3043\">\n<p data-start=\"2975\" data-end=\"3043\"><span style=\"font-family: arial, helvetica, sans-serif;\">Procuras resolver problemas de liga\u00e7\u00e3o de repetidores ou hotspots.<\/span><\/p>\n<\/li>\n<li data-start=\"3044\" data-end=\"3099\">\n<p data-start=\"3046\" data-end=\"3099\"><span style=\"font-family: arial, helvetica, sans-serif;\">Desejas aprender boas pr\u00e1ticas de opera\u00e7\u00e3o digital.<\/span><\/p>\n<\/li>\n<\/ul>\n<hr data-start=\"3101\" data-end=\"3104\" \/>\n<h3 data-start=\"3106\" data-end=\"3128\"><span style=\"font-family: arial, helvetica, sans-serif;\">Vis\u00e3o de futuro<\/span><\/h3>\n<p data-start=\"3129\" data-end=\"3460\"><span style=\"font-family: arial, helvetica, sans-serif;\">Com este projeto, queremos refor\u00e7ar a coes\u00e3o e moderniza\u00e7\u00e3o do r\u00e1dio amadorismo em Portugal, apoiando todos os colegas a tirar o m\u00e1ximo partido das tecnologias digitais.<\/span><br data-start=\"3302\" data-end=\"3305\" \/><span style=\"font-family: arial, helvetica, sans-serif;\">Acreditamos que, juntos, podemos construir uma comunidade mais informada, mais ativa e preparada para explorar as potencialidades do r\u00e1dio no s\u00e9culo XXI.<\/span><\/p>\n<hr data-start=\"3462\" data-end=\"3465\" \/>\n<h3 data-start=\"3467\" data-end=\"3483\"><span style=\"font-family: arial, helvetica, sans-serif;\">&#x1f4e2; Conclus\u00e3o<\/span><\/h3>\n<p data-start=\"3484\" data-end=\"3749\"><span style=\"font-family: arial, helvetica, sans-serif;\">O portal<strong data-start=\"3486\" data-end=\"3532\"> Suporte BrandMeister<\/strong>\u00a0\u00e9 um espa\u00e7o feito <strong data-start=\"3551\" data-end=\"3593\">por radioamadores e para radioamadores<\/strong>. Um ponto de encontro, ajuda e partilha, ao servi\u00e7o de todos os que acreditam no valor do r\u00e1dio como meio de comunica\u00e7\u00e3o, experimenta\u00e7\u00e3o e solidariedade.<\/span><\/p>\n<p data-start=\"3751\" data-end=\"3990\"><span style=\"font-family: arial, helvetica, sans-serif;\">Se tens d\u00favidas, dificuldades t\u00e9cnicas ou simplesmente queres aprender mais, este \u00e9 o teu espa\u00e7o.<\/span><br data-start=\"3848\" data-end=\"3851\" \/><span style=\"font-family: arial, helvetica, sans-serif;\">Estamos aqui para apoiar-te, para que possas continuar a comunicar sem fronteiras \u2014 no <strong data-start=\"3938\" data-end=\"3945\">DMR<\/strong> e em todos os outros modos de voz digital.<\/span><\/p>\n<p data-start=\"3992\" data-end=\"4058\"><span style=\"font-family: arial, helvetica, sans-serif;\"><strong data-start=\"3992\" data-end=\"4056\">Bem-vindo ao futuro digital do r\u00e1dio amadorismo em Portugal.<\/strong><\/span><\/p>\n<p>&nbsp;<\/p>\n<p><span style=\"font-family: arial, helvetica, sans-serif; font-size: 20px;\">Fa\u00e7a o seu pedido ou registe-se e fa\u00e7a a gest\u00e3o de todos os seus pedidos em: <a href=\"https:\/\/suporte.brandmeister.pt\" target=\"_blank\" rel=\"noopener\">Suporte BrandMeister Portugal\u00a0<\/a><\/span><\/p>\n<p>&nbsp;<\/p>\n<hr \/>\n<p>&nbsp;<\/p>\n","protected":false},"excerpt":{"rendered":"<p>&nbsp; Apresenta\u00e7\u00e3o nacional do portal de Suporte Digital para Radioamadores &nbsp; &nbsp; O r\u00e1dio amadorismo tem uma longa tradi\u00e7\u00e3o de inova\u00e7\u00e3o e servi\u00e7o \u00e0 comunidade. Nos \u00faltimos anos, a evolu\u00e7\u00e3o dos modos digitais de voz \u2014 como DMR, D-STAR, C4FM, NXDN, TETRA e outros \u2014 abriu novas possibilidades de comunica\u00e7\u00e3o, \u2026 <a class=\"continue-reading-link\" href=\"https:\/\/dmr-portugal.org\/?page_id=4392\"> Continua&#8230; <span class=\"meta-nav\">&rarr; <\/span><\/a><\/p>\n","protected":false},"author":1,"featured_media":0,"parent":0,"menu_order":16,"comment_status":"closed","ping_status":"closed","template":"","meta":{"footnotes":""},"class_list":["post-4392","page","type-page","status-publish","hentry"],"_links":{"self":[{"href":"https:\/\/dmr-portugal.org\/index.php?rest_route=\/wp\/v2\/pages\/4392","targetHints":{"allow":["GET"]}}],"collection":[{"href":"https:\/\/dmr-portugal.org\/index.php?rest_route=\/wp\/v2\/pages"}],"about":[{"href":"https:\/\/dmr-portugal.org\/index.php?rest_route=\/wp\/v2\/types\/page"}],"author":[{"embeddable":true,"href":"https:\/\/dmr-portugal.org\/index.php?rest_route=\/wp\/v2\/users\/1"}],"replies":[{"embeddable":true,"href":"https:\/\/dmr-portugal.org\/index.php?rest_route=%2Fwp%2Fv2%2Fcomments&post=4392"}],"version-history":[{"count":13,"href":"https:\/\/dmr-portugal.org\/index.php?rest_route=\/wp\/v2\/pages\/4392\/revisions"}],"predecessor-version":[{"id":4473,"href":"https:\/\/dmr-portugal.org\/index.php?rest_route=\/wp\/v2\/pages\/4392\/revisions\/4473"}],"wp:attachment":[{"href":"https:\/\/dmr-portugal.org\/index.php?rest_route=%2Fwp%2Fv2%2Fmedia&parent=4392"}],"curies":[{"name":"wp","href":"https:\/\/api.w.org\/{rel}","templated":true}]}}