{"id":4368,"date":"2025-07-23T11:09:14","date_gmt":"2025-07-23T10:09:14","guid":{"rendered":"https:\/\/dmr-portugal.org\/?page_id=4368"},"modified":"2025-07-24T10:20:50","modified_gmt":"2025-07-24T09:20:50","slug":"netct-43a-sessao","status":"publish","type":"page","link":"https:\/\/dmr-portugal.org\/?page_id=4368","title":{"rendered":"netCT 43\u00aa sess\u00e3o"},"content":{"rendered":"<p>&nbsp;<\/p>\n<p style=\"text-align: center;\"><strong><span style=\"font-family: arial, helvetica, sans-serif; font-size: 20px;\">Hist\u00f3rico da 43\u00aa sess\u00e3o<\/span><\/strong><\/p>\n<p style=\"text-align: center;\"><a href=\"https:\/\/dmr-portugal.org\/wp-content\/uploads\/2025\/07\/Log-net-08_43-2.png\"><img fetchpriority=\"high\" decoding=\"async\" class=\"size-full wp-image-4386 aligncenter\" src=\"https:\/\/dmr-portugal.org\/wp-content\/uploads\/2025\/07\/Log-net-08_43-2.png\" alt=\"\" width=\"966\" height=\"773\" srcset=\"https:\/\/dmr-portugal.org\/wp-content\/uploads\/2025\/07\/Log-net-08_43-2.png 966w, https:\/\/dmr-portugal.org\/wp-content\/uploads\/2025\/07\/Log-net-08_43-2-300x240.png 300w, https:\/\/dmr-portugal.org\/wp-content\/uploads\/2025\/07\/Log-net-08_43-2-768x615.png 768w, https:\/\/dmr-portugal.org\/wp-content\/uploads\/2025\/07\/Log-net-08_43-2-150x120.png 150w\" sizes=\"(max-width: 966px) 100vw, 966px\" \/><\/a><\/p>\n<p style=\"text-align: center;\"><em><strong><span style=\"font-family: arial, helvetica, sans-serif;\">Log da 43\u00aa sess\u00e3o do 8\u00ba ano<\/span><\/strong><\/em><\/p>\n<p>&nbsp;<\/p>\n<p><span style=\"font-family: arial, helvetica, sans-serif;\">16 utilizadores fizeram representar as suas associa\u00e7\u00f5es. 2 utilizadores responderam acertadamente \u00e0 quest\u00e3o do Quiz, colocada e publicada em resposta na sess\u00e3o #20 que era a seguinte:\u00a0<\/span><\/p>\n<p>&nbsp;<\/p>\n<p style=\"padding-left: 40px;\"><span style=\"font-family: arial, helvetica, sans-serif;\">Como devo criar uma conta no Zello ou Mumla ?\u00a0<\/span><\/p>\n<p>&nbsp;<\/p>\n<p><span style=\"font-family: arial, helvetica, sans-serif;\">Deve criar a conta da seguinte forma: &#8211; Indicativo em maisculas seguido sinal \u2018menos\u2019 seguido do seu ID. N\u00e3o pode haver espa\u00e7os, ser\u00e1 algo como;<\/span><\/p>\n<p><strong><span style=\"font-family: arial, helvetica, sans-serif;\">CT7xxx-268xxxx<\/span><\/strong><\/p>\n<p><span style=\"font-family: arial, helvetica, sans-serif;\">No Mumla a password a usar \u00e9 a mesma que usa no seu hotspot ou a que criar no seu perfil na area Selfcare, no Zello n\u00e3o precisa de password <strong><em>mas dever\u00e1 contactar um dos gestores para que o torne confi\u00e1vel<\/em><\/strong> e assim possa aceder a rede.<\/span><\/p>\n<p>&nbsp;<\/p>\n<p style=\"text-align: center;\"><strong><span style=\"font-family: arial, helvetica, sans-serif; font-size: 20px;\">Fotos rececionadas<\/span><\/strong><\/p>\n<div id=\"attachment_4374\" style=\"width: 310px\" class=\"wp-caption aligncenter\"><a href=\"https:\/\/dmr-portugal.org\/wp-content\/uploads\/2025\/07\/CT7AWH-43-scaled.jpg\"><img decoding=\"async\" aria-describedby=\"caption-attachment-4374\" class=\"size-medium wp-image-4374\" src=\"https:\/\/dmr-portugal.org\/wp-content\/uploads\/2025\/07\/CT7AWH-43-300x225.jpg\" alt=\"\" width=\"300\" height=\"225\" srcset=\"https:\/\/dmr-portugal.org\/wp-content\/uploads\/2025\/07\/CT7AWH-43-300x225.jpg 300w, https:\/\/dmr-portugal.org\/wp-content\/uploads\/2025\/07\/CT7AWH-43-1024x768.jpg 1024w, https:\/\/dmr-portugal.org\/wp-content\/uploads\/2025\/07\/CT7AWH-43-768x576.jpg 768w, https:\/\/dmr-portugal.org\/wp-content\/uploads\/2025\/07\/CT7AWH-43-1536x1152.jpg 1536w, https:\/\/dmr-portugal.org\/wp-content\/uploads\/2025\/07\/CT7AWH-43-2048x1536.jpg 2048w, https:\/\/dmr-portugal.org\/wp-content\/uploads\/2025\/07\/CT7AWH-43-150x113.jpg 150w\" sizes=\"(max-width: 300px) 100vw, 300px\" \/><\/a><p id=\"caption-attachment-4374\" class=\"wp-caption-text\"><span style=\"font-family: arial, helvetica, sans-serif;\">CT7AWH 3 pontos<\/span><\/p><\/div>\n<p>&nbsp;<\/p>\n<p style=\"text-align: center;\"><strong><span style=\"font-family: arial, helvetica, sans-serif; font-size: 20px;\">Pontos<br \/>\n<\/span><\/strong><span style=\"font-family: arial, helvetica, sans-serif; font-size: 20px;\"><span style=\"font-size: 16px;\">Top \u2018Selfies\u2019\/Quiz<\/span><\/span><\/p>\n<p style=\"text-align: center;\"><a href=\"https:\/\/dmr-portugal.org\/wp-content\/uploads\/2025\/07\/pontos-43-1.png\"><img decoding=\"async\" class=\"alignnone size-full wp-image-4384\" src=\"https:\/\/dmr-portugal.org\/wp-content\/uploads\/2025\/07\/pontos-43-1.png\" alt=\"\" width=\"519\" height=\"508\" srcset=\"https:\/\/dmr-portugal.org\/wp-content\/uploads\/2025\/07\/pontos-43-1.png 519w, https:\/\/dmr-portugal.org\/wp-content\/uploads\/2025\/07\/pontos-43-1-300x294.png 300w, https:\/\/dmr-portugal.org\/wp-content\/uploads\/2025\/07\/pontos-43-1-150x147.png 150w\" sizes=\"(max-width: 519px) 100vw, 519px\" \/><\/a><\/p>\n<table style=\"border-collapse: collapse; width: 100%;\">\n<tbody>\n<tr>\n<td style=\"width: 375.5px; border-style: hidden;\"><a href=\"https:\/\/dmr-portugal.org\/wp-content\/uploads\/2025\/07\/estatisticas-43.png\"><img loading=\"lazy\" decoding=\"async\" class=\"size-medium wp-image-4375 aligncenter\" src=\"https:\/\/dmr-portugal.org\/wp-content\/uploads\/2025\/07\/estatisticas-43-300x206.png\" alt=\"\" width=\"300\" height=\"206\" srcset=\"https:\/\/dmr-portugal.org\/wp-content\/uploads\/2025\/07\/estatisticas-43-300x206.png 300w, https:\/\/dmr-portugal.org\/wp-content\/uploads\/2025\/07\/estatisticas-43-150x103.png 150w, https:\/\/dmr-portugal.org\/wp-content\/uploads\/2025\/07\/estatisticas-43.png 323w\" sizes=\"(max-width: 300px) 100vw, 300px\" \/><\/a><\/td>\n<td style=\"width: 375.5px; border-style: hidden;\"><a href=\"https:\/\/dmr-portugal.org\/wp-content\/uploads\/2025\/07\/top-tg-43.png\"><img loading=\"lazy\" decoding=\"async\" class=\"size-medium wp-image-4376 aligncenter\" src=\"https:\/\/dmr-portugal.org\/wp-content\/uploads\/2025\/07\/top-tg-43-287x300.png\" alt=\"\" width=\"287\" height=\"300\" srcset=\"https:\/\/dmr-portugal.org\/wp-content\/uploads\/2025\/07\/top-tg-43-287x300.png 287w, https:\/\/dmr-portugal.org\/wp-content\/uploads\/2025\/07\/top-tg-43-143x150.png 143w, https:\/\/dmr-portugal.org\/wp-content\/uploads\/2025\/07\/top-tg-43.png 347w\" sizes=\"(max-width: 287px) 100vw, 287px\" \/><\/a><\/td>\n<\/tr>\n<\/tbody>\n<\/table>\n<p>&nbsp;<\/p>\n<p style=\"text-align: center;\"><a href=\"https:\/\/dmr-portugal.org\/wp-content\/uploads\/2025\/07\/associacoes-43.png\"><img loading=\"lazy\" decoding=\"async\" class=\"aligncenter wp-image-4379 size-full\" src=\"https:\/\/dmr-portugal.org\/wp-content\/uploads\/2025\/07\/associacoes-43.png\" alt=\"\" width=\"288\" height=\"564\" srcset=\"https:\/\/dmr-portugal.org\/wp-content\/uploads\/2025\/07\/associacoes-43.png 288w, https:\/\/dmr-portugal.org\/wp-content\/uploads\/2025\/07\/associacoes-43-153x300.png 153w, https:\/\/dmr-portugal.org\/wp-content\/uploads\/2025\/07\/associacoes-43-77x150.png 77w\" sizes=\"(max-width: 288px) 100vw, 288px\" \/><\/a><\/p>\n<p>&nbsp;<\/p>\n<hr \/>\n<p>&nbsp;<\/p>\n","protected":false},"excerpt":{"rendered":"<p>&nbsp; Hist\u00f3rico da 43\u00aa sess\u00e3o Log da 43\u00aa sess\u00e3o do 8\u00ba ano &nbsp; 16 utilizadores fizeram representar as suas associa\u00e7\u00f5es. 2 utilizadores responderam acertadamente \u00e0 quest\u00e3o do Quiz, colocada e publicada em resposta na sess\u00e3o #20 que era a seguinte:\u00a0 &nbsp; Como devo criar uma conta no Zello ou Mumla \u2026 <a class=\"continue-reading-link\" href=\"https:\/\/dmr-portugal.org\/?page_id=4368\"> Continua&#8230; <span class=\"meta-nav\">&rarr; <\/span><\/a><\/p>\n","protected":false},"author":1,"featured_media":0,"parent":3839,"menu_order":4,"comment_status":"closed","ping_status":"closed","template":"","meta":{"footnotes":""},"class_list":["post-4368","page","type-page","status-publish","hentry"],"_links":{"self":[{"href":"https:\/\/dmr-portugal.org\/index.php?rest_route=\/wp\/v2\/pages\/4368","targetHints":{"allow":["GET"]}}],"collection":[{"href":"https:\/\/dmr-portugal.org\/index.php?rest_route=\/wp\/v2\/pages"}],"about":[{"href":"https:\/\/dmr-portugal.org\/index.php?rest_route=\/wp\/v2\/types\/page"}],"author":[{"embeddable":true,"href":"https:\/\/dmr-portugal.org\/index.php?rest_route=\/wp\/v2\/users\/1"}],"replies":[{"embeddable":true,"href":"https:\/\/dmr-portugal.org\/index.php?rest_route=%2Fwp%2Fv2%2Fcomments&post=4368"}],"version-history":[{"count":8,"href":"https:\/\/dmr-portugal.org\/index.php?rest_route=\/wp\/v2\/pages\/4368\/revisions"}],"predecessor-version":[{"id":4387,"href":"https:\/\/dmr-portugal.org\/index.php?rest_route=\/wp\/v2\/pages\/4368\/revisions\/4387"}],"up":[{"embeddable":true,"href":"https:\/\/dmr-portugal.org\/index.php?rest_route=\/wp\/v2\/pages\/3839"}],"wp:attachment":[{"href":"https:\/\/dmr-portugal.org\/index.php?rest_route=%2Fwp%2Fv2%2Fmedia&parent=4368"}],"curies":[{"name":"wp","href":"https:\/\/api.w.org\/{rel}","templated":true}]}}