{"id":4303,"date":"2025-06-23T09:35:09","date_gmt":"2025-06-23T08:35:09","guid":{"rendered":"https:\/\/dmr-portugal.org\/?page_id=4303"},"modified":"2025-06-23T09:53:19","modified_gmt":"2025-06-23T08:53:19","slug":"netct-38a-sessao","status":"publish","type":"page","link":"https:\/\/dmr-portugal.org\/?page_id=4303","title":{"rendered":"netCT 38\u00aa sess\u00e3o"},"content":{"rendered":"<p>&nbsp;<\/p>\n<p style=\"text-align: center;\"><strong><span style=\"font-family: arial, helvetica, sans-serif; font-size: 20px;\">Hist\u00f3rico da 38\u00aa sess\u00e3o<\/span><\/strong><\/p>\n<p style=\"text-align: center;\"><img fetchpriority=\"high\" decoding=\"async\" class=\"size-full wp-image-4306 aligncenter\" src=\"https:\/\/dmr-portugal.org\/wp-content\/uploads\/2025\/06\/Log-net-08_38.png\" alt=\"\" width=\"971\" height=\"778\" srcset=\"https:\/\/dmr-portugal.org\/wp-content\/uploads\/2025\/06\/Log-net-08_38.png 971w, https:\/\/dmr-portugal.org\/wp-content\/uploads\/2025\/06\/Log-net-08_38-300x240.png 300w, https:\/\/dmr-portugal.org\/wp-content\/uploads\/2025\/06\/Log-net-08_38-768x615.png 768w, https:\/\/dmr-portugal.org\/wp-content\/uploads\/2025\/06\/Log-net-08_38-150x120.png 150w\" sizes=\"(max-width: 971px) 100vw, 971px\" \/><\/p>\n<p style=\"text-align: center;\"><em><strong><span style=\"font-family: arial, helvetica, sans-serif;\">Log da 38\u00aa sess\u00e3o do 8\u00ba ano<\/span><\/strong><\/em><\/p>\n<p>&nbsp;<\/p>\n<p><span style=\"font-family: arial, helvetica, sans-serif;\">18 utilizadores fizeram representar as suas associa\u00e7\u00f5es. 3 utilizadores responderam acertadamente \u00e0 quest\u00e3o do Quiz e 1 errou, colocada e publicada em resposta na sess\u00e3o #16 que era a seguinte:<\/span><\/p>\n<p>&nbsp;<\/p>\n<p style=\"padding-left: 40px;\"><span style=\"font-family: arial, helvetica, sans-serif;\">Tenho 3 hotspot todos com o meu ID, configurei uns TG\u2019s est\u00e1ticos num dos hotspot, mas usando outro diferente continuo sempre a ouvir os mesmos TG\u2019s. Porque ?<\/span><\/p>\n<p>&nbsp;<\/p>\n<p><strong><span style=\"font-family: arial, helvetica, sans-serif;\">Erro de configura\u00e7\u00e3o. Deve selecionar diferentes ESID (extended system ID, extens\u00e3o do sistema de ID), pode escolher entre 01 e 99. Isto permitir-lhe-a ter TG\u2019s definidos por dispositivo usando o mesmo ID, ou seja o hotspot 268333301 tem est\u00e1ticos, e o hotspot ou aplica\u00e7\u00e3o, por exemplo DVSwitch ou DroidStar, com o ID 268333302 n\u00e3o tem TG\u2019s est\u00e1ticos.<\/span><\/strong><\/p>\n<p>&nbsp;<\/p>\n<p>&nbsp;<\/p>\n<p style=\"text-align: center;\"><span style=\"font-family: arial, helvetica, sans-serif; font-size: 20px;\"><strong>Fotos rececionadas<\/strong><\/span><\/p>\n<div id=\"attachment_4308\" style=\"width: 235px\" class=\"wp-caption aligncenter\"><a href=\"https:\/\/dmr-portugal.org\/wp-content\/uploads\/2025\/06\/ct5jca-38.jpg\" target=\"_blank\" rel=\"noopener\"><img decoding=\"async\" aria-describedby=\"caption-attachment-4308\" class=\"wp-image-4308 size-medium\" src=\"https:\/\/dmr-portugal.org\/wp-content\/uploads\/2025\/06\/ct5jca-38-225x300.jpg\" alt=\"\" width=\"225\" height=\"300\" \/><\/a><p id=\"caption-attachment-4308\" class=\"wp-caption-text\"><span style=\"font-family: arial, helvetica, sans-serif;\">CT5JCA &#8211; 3 pontos<\/span><\/p><\/div>\n<p>&nbsp;<\/p>\n<p style=\"text-align: center;\"><strong><span style=\"font-family: arial, helvetica, sans-serif; font-size: 20px;\">Pontos<br \/>\n<\/span><\/strong><span style=\"font-family: arial, helvetica, sans-serif; font-size: 20px;\"><span style=\"font-size: 16px;\">Top \u2018Selfies\u2019\/Quiz<\/span><\/span><\/p>\n<p style=\"text-align: center;\"><img decoding=\"async\" class=\"size-full wp-image-4309 aligncenter\" src=\"https:\/\/dmr-portugal.org\/wp-content\/uploads\/2025\/06\/pontos-38.png\" alt=\"\" width=\"543\" height=\"553\" srcset=\"https:\/\/dmr-portugal.org\/wp-content\/uploads\/2025\/06\/pontos-38.png 543w, https:\/\/dmr-portugal.org\/wp-content\/uploads\/2025\/06\/pontos-38-295x300.png 295w, https:\/\/dmr-portugal.org\/wp-content\/uploads\/2025\/06\/pontos-38-147x150.png 147w\" sizes=\"(max-width: 543px) 100vw, 543px\" \/><\/p>\n<table style=\"border-collapse: collapse; width: 100%;\">\n<tbody>\n<tr>\n<td style=\"width: 470px; border-style: hidden; text-align: center;\"><img loading=\"lazy\" decoding=\"async\" class=\"size-full wp-image-4310 aligncenter\" src=\"https:\/\/dmr-portugal.org\/wp-content\/uploads\/2025\/06\/estatisticas-38.png\" alt=\"\" width=\"338\" height=\"229\" srcset=\"https:\/\/dmr-portugal.org\/wp-content\/uploads\/2025\/06\/estatisticas-38.png 338w, https:\/\/dmr-portugal.org\/wp-content\/uploads\/2025\/06\/estatisticas-38-300x203.png 300w, https:\/\/dmr-portugal.org\/wp-content\/uploads\/2025\/06\/estatisticas-38-150x102.png 150w\" sizes=\"(max-width: 338px) 100vw, 338px\" \/><\/td>\n<td style=\"width: 470px; border-style: hidden; text-align: center;\"><img loading=\"lazy\" decoding=\"async\" class=\"size-full wp-image-4311 aligncenter\" src=\"https:\/\/dmr-portugal.org\/wp-content\/uploads\/2025\/06\/top-tg-38.png\" alt=\"\" width=\"361\" height=\"358\" srcset=\"https:\/\/dmr-portugal.org\/wp-content\/uploads\/2025\/06\/top-tg-38.png 361w, https:\/\/dmr-portugal.org\/wp-content\/uploads\/2025\/06\/top-tg-38-300x298.png 300w, https:\/\/dmr-portugal.org\/wp-content\/uploads\/2025\/06\/top-tg-38-150x150.png 150w\" sizes=\"(max-width: 361px) 100vw, 361px\" \/><\/td>\n<\/tr>\n<\/tbody>\n<\/table>\n<p style=\"text-align: center;\"><img loading=\"lazy\" decoding=\"async\" class=\"size-full wp-image-4313 aligncenter\" src=\"https:\/\/dmr-portugal.org\/wp-content\/uploads\/2025\/06\/associacoes-38.png\" alt=\"\" width=\"311\" height=\"590\" srcset=\"https:\/\/dmr-portugal.org\/wp-content\/uploads\/2025\/06\/associacoes-38.png 311w, https:\/\/dmr-portugal.org\/wp-content\/uploads\/2025\/06\/associacoes-38-158x300.png 158w, https:\/\/dmr-portugal.org\/wp-content\/uploads\/2025\/06\/associacoes-38-79x150.png 79w\" sizes=\"(max-width: 311px) 100vw, 311px\" \/><\/p>\n<p>&nbsp;<\/p>\n<hr \/>\n<p>&nbsp;<\/p>\n","protected":false},"excerpt":{"rendered":"<p>&nbsp; Hist\u00f3rico da 38\u00aa sess\u00e3o Log da 38\u00aa sess\u00e3o do 8\u00ba ano &nbsp; 18 utilizadores fizeram representar as suas associa\u00e7\u00f5es. 3 utilizadores responderam acertadamente \u00e0 quest\u00e3o do Quiz e 1 errou, colocada e publicada em resposta na sess\u00e3o #16 que era a seguinte: &nbsp; Tenho 3 hotspot todos com o \u2026 <a class=\"continue-reading-link\" href=\"https:\/\/dmr-portugal.org\/?page_id=4303\"> Continua&#8230; <span class=\"meta-nav\">&rarr; <\/span><\/a><\/p>\n","protected":false},"author":1,"featured_media":0,"parent":3839,"menu_order":9,"comment_status":"closed","ping_status":"closed","template":"","meta":{"footnotes":""},"class_list":["post-4303","page","type-page","status-publish","hentry"],"_links":{"self":[{"href":"https:\/\/dmr-portugal.org\/index.php?rest_route=\/wp\/v2\/pages\/4303","targetHints":{"allow":["GET"]}}],"collection":[{"href":"https:\/\/dmr-portugal.org\/index.php?rest_route=\/wp\/v2\/pages"}],"about":[{"href":"https:\/\/dmr-portugal.org\/index.php?rest_route=\/wp\/v2\/types\/page"}],"author":[{"embeddable":true,"href":"https:\/\/dmr-portugal.org\/index.php?rest_route=\/wp\/v2\/users\/1"}],"replies":[{"embeddable":true,"href":"https:\/\/dmr-portugal.org\/index.php?rest_route=%2Fwp%2Fv2%2Fcomments&post=4303"}],"version-history":[{"count":6,"href":"https:\/\/dmr-portugal.org\/index.php?rest_route=\/wp\/v2\/pages\/4303\/revisions"}],"predecessor-version":[{"id":4315,"href":"https:\/\/dmr-portugal.org\/index.php?rest_route=\/wp\/v2\/pages\/4303\/revisions\/4315"}],"up":[{"embeddable":true,"href":"https:\/\/dmr-portugal.org\/index.php?rest_route=\/wp\/v2\/pages\/3839"}],"wp:attachment":[{"href":"https:\/\/dmr-portugal.org\/index.php?rest_route=%2Fwp%2Fv2%2Fmedia&parent=4303"}],"curies":[{"name":"wp","href":"https:\/\/api.w.org\/{rel}","templated":true}]}}