{"id":4205,"date":"2025-06-11T09:57:58","date_gmt":"2025-06-11T08:57:58","guid":{"rendered":"https:\/\/dmr-portugal.org\/?page_id=4205"},"modified":"2025-06-11T10:08:04","modified_gmt":"2025-06-11T09:08:04","slug":"netct-36a-sessao","status":"publish","type":"page","link":"https:\/\/dmr-portugal.org\/?page_id=4205","title":{"rendered":"netCT 36\u00aa sess\u00e3o"},"content":{"rendered":"<p>&nbsp;<\/p>\n<p style=\"text-align: center;\"><strong><span style=\"font-family: arial, helvetica, sans-serif; font-size: 20px;\">Hist\u00f3rico da 36\u00aa sess\u00e3o<\/span><\/strong><\/p>\n<p style=\"text-align: center;\"><img fetchpriority=\"high\" decoding=\"async\" class=\"size-full wp-image-4207 aligncenter\" src=\"https:\/\/dmr-portugal.org\/wp-content\/uploads\/2025\/06\/Log-net-08_36.png\" alt=\"\" width=\"967\" height=\"771\" srcset=\"https:\/\/dmr-portugal.org\/wp-content\/uploads\/2025\/06\/Log-net-08_36.png 967w, https:\/\/dmr-portugal.org\/wp-content\/uploads\/2025\/06\/Log-net-08_36-300x239.png 300w, https:\/\/dmr-portugal.org\/wp-content\/uploads\/2025\/06\/Log-net-08_36-768x612.png 768w, https:\/\/dmr-portugal.org\/wp-content\/uploads\/2025\/06\/Log-net-08_36-150x120.png 150w\" sizes=\"(max-width: 967px) 100vw, 967px\" \/><\/p>\n<p style=\"text-align: center;\"><em><strong><span style=\"font-family: arial, helvetica, sans-serif;\">Log da 36\u00aa sess\u00e3o do 8\u00ba ano<\/span><\/strong><\/em><\/p>\n<p>&nbsp;<\/p>\n<p><span style=\"font-family: arial, helvetica, sans-serif;\">19 utilizadores fizeram representar as suas associa\u00e7\u00f5es. 4 utilizadores responderam acertadamente \u00e0 quest\u00e3o do Quiz, colocada e publicada em resposta na sess\u00e3o #6 que era a seguinte:<\/span><\/p>\n<p>&nbsp;<\/p>\n<p style=\"padding-left: 40px;\"><span style=\"font-family: arial, helvetica, sans-serif;\">Para usar o Peanut preciso de algum registo \u00a0?<\/span><\/p>\n<p>&nbsp;<\/p>\n<p><strong><span style=\"font-family: arial, helvetica, sans-serif;\">No caso da rede nacional precisa de registo em DSTAR e em DMR. Qualquer das redes necessita de um utilizador com registo.\u00a0<\/span><\/strong><span style=\"font-family: arial, helvetica, sans-serif;\">(O mesmo \u00e9 dito no site de download da aplica\u00e7\u00e3o &#8216;Peanut&#8217;)<\/span><\/p>\n<p>&nbsp;<\/p>\n<p style=\"text-align: center;\"><strong><span style=\"font-family: arial, helvetica, sans-serif; font-size: 20px;\">Fotos rececionadas<br \/>\n<\/span><\/strong><span style=\"font-family: arial, helvetica, sans-serif; font-size: 16px;\">(n\u00e3o foram recebidas)<\/span><\/p>\n<p>&nbsp;<\/p>\n<p style=\"text-align: center;\"><strong><span style=\"font-family: arial, helvetica, sans-serif; font-size: 20px;\">Pontos<br \/>\n<\/span><\/strong><span style=\"font-family: arial, helvetica, sans-serif; font-size: 16px;\">Top \u2018Selfies\u2019\/Quiz<\/span><\/p>\n<p style=\"text-align: center;\"><img decoding=\"async\" class=\"size-full wp-image-4211 aligncenter\" src=\"https:\/\/dmr-portugal.org\/wp-content\/uploads\/2025\/06\/pontos-36.png\" alt=\"\" width=\"229\" height=\"777\" srcset=\"https:\/\/dmr-portugal.org\/wp-content\/uploads\/2025\/06\/pontos-36.png 229w, https:\/\/dmr-portugal.org\/wp-content\/uploads\/2025\/06\/pontos-36-88x300.png 88w, https:\/\/dmr-portugal.org\/wp-content\/uploads\/2025\/06\/pontos-36-44x150.png 44w\" sizes=\"(max-width: 229px) 100vw, 229px\" \/><\/p>\n<p>&nbsp;<\/p>\n<table style=\"border-collapse: collapse; width: 100%;\">\n<tbody>\n<tr>\n<td style=\"width: 50%; border-style: hidden;\"><img decoding=\"async\" class=\"size-full wp-image-4212 aligncenter\" src=\"https:\/\/dmr-portugal.org\/wp-content\/uploads\/2025\/06\/estatisticas-36.png\" alt=\"\" width=\"361\" height=\"225\" srcset=\"https:\/\/dmr-portugal.org\/wp-content\/uploads\/2025\/06\/estatisticas-36.png 361w, https:\/\/dmr-portugal.org\/wp-content\/uploads\/2025\/06\/estatisticas-36-300x187.png 300w, https:\/\/dmr-portugal.org\/wp-content\/uploads\/2025\/06\/estatisticas-36-150x93.png 150w\" sizes=\"(max-width: 361px) 100vw, 361px\" \/><\/td>\n<td style=\"width: 50%; border-style: hidden;\"><img loading=\"lazy\" decoding=\"async\" class=\"size-full wp-image-4213 aligncenter\" src=\"https:\/\/dmr-portugal.org\/wp-content\/uploads\/2025\/06\/top-tg-36.png\" alt=\"\" width=\"364\" height=\"338\" srcset=\"https:\/\/dmr-portugal.org\/wp-content\/uploads\/2025\/06\/top-tg-36.png 364w, https:\/\/dmr-portugal.org\/wp-content\/uploads\/2025\/06\/top-tg-36-300x279.png 300w, https:\/\/dmr-portugal.org\/wp-content\/uploads\/2025\/06\/top-tg-36-150x139.png 150w\" sizes=\"(max-width: 364px) 100vw, 364px\" \/><\/td>\n<\/tr>\n<\/tbody>\n<\/table>\n<p>&nbsp;<\/p>\n<p style=\"text-align: center;\"><img loading=\"lazy\" decoding=\"async\" class=\"size-full wp-image-4214 aligncenter\" src=\"https:\/\/dmr-portugal.org\/wp-content\/uploads\/2025\/06\/associacoes-36.png\" alt=\"\" width=\"314\" height=\"579\" srcset=\"https:\/\/dmr-portugal.org\/wp-content\/uploads\/2025\/06\/associacoes-36.png 314w, https:\/\/dmr-portugal.org\/wp-content\/uploads\/2025\/06\/associacoes-36-163x300.png 163w, https:\/\/dmr-portugal.org\/wp-content\/uploads\/2025\/06\/associacoes-36-81x150.png 81w\" sizes=\"(max-width: 314px) 100vw, 314px\" \/><\/p>\n<p>&nbsp;<\/p>\n<hr \/>\n<p>&nbsp;<\/p>\n","protected":false},"excerpt":{"rendered":"<p>&nbsp; Hist\u00f3rico da 36\u00aa sess\u00e3o Log da 36\u00aa sess\u00e3o do 8\u00ba ano &nbsp; 19 utilizadores fizeram representar as suas associa\u00e7\u00f5es. 4 utilizadores responderam acertadamente \u00e0 quest\u00e3o do Quiz, colocada e publicada em resposta na sess\u00e3o #6 que era a seguinte: &nbsp; Para usar o Peanut preciso de algum registo \u00a0? \u2026 <a class=\"continue-reading-link\" href=\"https:\/\/dmr-portugal.org\/?page_id=4205\"> Continua&#8230; <span class=\"meta-nav\">&rarr; <\/span><\/a><\/p>\n","protected":false},"author":1,"featured_media":0,"parent":3839,"menu_order":11,"comment_status":"closed","ping_status":"closed","template":"","meta":{"footnotes":""},"class_list":["post-4205","page","type-page","status-publish","hentry"],"_links":{"self":[{"href":"https:\/\/dmr-portugal.org\/index.php?rest_route=\/wp\/v2\/pages\/4205","targetHints":{"allow":["GET"]}}],"collection":[{"href":"https:\/\/dmr-portugal.org\/index.php?rest_route=\/wp\/v2\/pages"}],"about":[{"href":"https:\/\/dmr-portugal.org\/index.php?rest_route=\/wp\/v2\/types\/page"}],"author":[{"embeddable":true,"href":"https:\/\/dmr-portugal.org\/index.php?rest_route=\/wp\/v2\/users\/1"}],"replies":[{"embeddable":true,"href":"https:\/\/dmr-portugal.org\/index.php?rest_route=%2Fwp%2Fv2%2Fcomments&post=4205"}],"version-history":[{"count":5,"href":"https:\/\/dmr-portugal.org\/index.php?rest_route=\/wp\/v2\/pages\/4205\/revisions"}],"predecessor-version":[{"id":4208,"href":"https:\/\/dmr-portugal.org\/index.php?rest_route=\/wp\/v2\/pages\/4205\/revisions\/4208"}],"up":[{"embeddable":true,"href":"https:\/\/dmr-portugal.org\/index.php?rest_route=\/wp\/v2\/pages\/3839"}],"wp:attachment":[{"href":"https:\/\/dmr-portugal.org\/index.php?rest_route=%2Fwp%2Fv2%2Fmedia&parent=4205"}],"curies":[{"name":"wp","href":"https:\/\/api.w.org\/{rel}","templated":true}]}}