{"id":4095,"date":"2025-04-22T17:16:28","date_gmt":"2025-04-22T16:16:28","guid":{"rendered":"https:\/\/dmr-portugal.org\/?page_id=4095"},"modified":"2025-04-22T17:42:02","modified_gmt":"2025-04-22T16:42:02","slug":"netct-30a-sessao","status":"publish","type":"page","link":"https:\/\/dmr-portugal.org\/?page_id=4095","title":{"rendered":"netCT 30\u00aa sess\u00e3o"},"content":{"rendered":"<p>&nbsp;<\/p>\n<p style=\"text-align: center;\"><strong><span style=\"font-family: arial, helvetica, sans-serif; font-size: 20px;\">Hist\u00f3rico da 30\u00aa sess\u00e3o<\/span><\/strong><\/p>\n<p><img fetchpriority=\"high\" decoding=\"async\" class=\"size-full wp-image-4098 aligncenter\" src=\"https:\/\/dmr-portugal.org\/wp-content\/uploads\/2025\/04\/Log-net-08_30.png\" alt=\"\" width=\"970\" height=\"767\" srcset=\"https:\/\/dmr-portugal.org\/wp-content\/uploads\/2025\/04\/Log-net-08_30.png 970w, https:\/\/dmr-portugal.org\/wp-content\/uploads\/2025\/04\/Log-net-08_30-300x237.png 300w, https:\/\/dmr-portugal.org\/wp-content\/uploads\/2025\/04\/Log-net-08_30-768x607.png 768w, https:\/\/dmr-portugal.org\/wp-content\/uploads\/2025\/04\/Log-net-08_30-150x119.png 150w\" sizes=\"(max-width: 970px) 100vw, 970px\" \/><\/p>\n<p style=\"text-align: center;\"><span style=\"font-family: arial, helvetica, sans-serif;\"><strong><em>Log da 30\u00aa sess\u00e3o do 8\u00ba ano<\/em><\/strong><\/span><\/p>\n<p>&nbsp;<\/p>\n<p><span style=\"font-family: arial, helvetica, sans-serif;\">19 utilizadores fizeram representar as suas associa\u00e7\u00f5es. 2 utilizadores responderam corretamente \u00e0 quest\u00e3o do Quiz, colocada e publicada em resposta na sess\u00e3o #9 que era a seguinte:<\/span><\/p>\n<p>&nbsp;<\/p>\n<p style=\"padding-left: 80px;\"><span style=\"font-family: arial, helvetica, sans-serif;\">Qual a finalidade das fun\u00e7\u00f5es \u201cGroup Call Hold Time\u201d e \u201cPerson Call Hold Time\u201d por exemplo existentes no CPS do Anytone 878 e outros<\/span><\/p>\n<p>&nbsp;<\/p>\n<p><span style=\"font-family: arial, helvetica, sans-serif;\">S\u00e3o fun\u00e7\u00f5es que permitem melhorar o uso do equipamento por exemplo usando o Promiscous. O \u2018<span style=\"color: #0000ff;\">GroupCallHangTime<\/span>\u2019 \u00e9 o tempo reservado pelo equipamento sempre que escuta um grupo de conversa\u00e7\u00e3o (TG), este valor dever\u00e1 andar entre os 3 a 5 segundos (3000 a 5000 ms) para um uso normal, para quem leve algum tempo a pensar se h\u00e1-de falar aconselha-se a subir este tempo ao m\u00e1ximo poss\u00edvel, no caso dos Tytera, Retevis ser\u00e1 7 segundos (7000 ms), no Ailunce HD-1 poder\u00e1 ir at\u00e9 aos 10 segundos.<\/span><br \/>\n<span style=\"font-family: arial, helvetica, sans-serif;\">O\u00a0\u2018<span style=\"color: #0000ff;\">PrivateHangCall<\/span>\u2019 (estes nomes est\u00e3o dependentes da marca) \u00e9 a mesma reserva feita, mas neste caso para chamadas em privado. Como a utiliza\u00e7\u00e3o em privado n\u00e3o necessita do tempo de espera para que algu\u00e9m possa entrar em QSO, sendo privado \u00e9 entre os dois, n\u00e3o faz sentido que esta fun\u00e7\u00e3o tenha mais que 1 a 2 segundos.<\/span><\/p>\n<p>&nbsp;<\/p>\n<p style=\"text-align: center;\"><strong><span style=\"font-family: arial, helvetica, sans-serif; font-size: 20px;\">Fotos<\/span><\/strong><\/p>\n<div id=\"attachment_4102\" style=\"width: 610px\" class=\"wp-caption aligncenter\"><a href=\"https:\/\/dmr-portugal.org\/wp-content\/uploads\/2025\/04\/CT2GDE-30-scaled.jpg\" target=\"_blank\" rel=\"noopener\"><img decoding=\"async\" aria-describedby=\"caption-attachment-4102\" class=\"wp-image-4102\" src=\"https:\/\/dmr-portugal.org\/wp-content\/uploads\/2025\/04\/CT2GDE-30-300x225.jpg\" alt=\"CT2GDE \" width=\"600\" height=\"450\" srcset=\"https:\/\/dmr-portugal.org\/wp-content\/uploads\/2025\/04\/CT2GDE-30-300x225.jpg 300w, https:\/\/dmr-portugal.org\/wp-content\/uploads\/2025\/04\/CT2GDE-30-1024x768.jpg 1024w, https:\/\/dmr-portugal.org\/wp-content\/uploads\/2025\/04\/CT2GDE-30-768x576.jpg 768w, https:\/\/dmr-portugal.org\/wp-content\/uploads\/2025\/04\/CT2GDE-30-1536x1152.jpg 1536w, https:\/\/dmr-portugal.org\/wp-content\/uploads\/2025\/04\/CT2GDE-30-2048x1536.jpg 2048w, https:\/\/dmr-portugal.org\/wp-content\/uploads\/2025\/04\/CT2GDE-30-150x113.jpg 150w\" sizes=\"(max-width: 600px) 100vw, 600px\" \/><\/a><p id=\"caption-attachment-4102\" class=\"wp-caption-text\"><span style=\"font-family: arial, helvetica, sans-serif;\">CT2GDE &#8211; 4 pontos<\/span><\/p><\/div>\n<p>&nbsp;<\/p>\n<p style=\"text-align: center;\"><strong><span style=\"font-family: arial, helvetica, sans-serif; font-size: 20px;\">Pontos<br \/>\n<\/span><\/strong><span style=\"font-family: arial, helvetica, sans-serif; font-size: 20px;\"><span style=\"font-size: 16px;\">Top \u2018Selfies\u2019\/Quiz<\/span><\/span><\/p>\n<p style=\"text-align: center;\"><img decoding=\"async\" class=\"size-full wp-image-4107 aligncenter\" src=\"https:\/\/dmr-portugal.org\/wp-content\/uploads\/2025\/04\/pontos-30.png\" alt=\"\" width=\"266\" height=\"738\" srcset=\"https:\/\/dmr-portugal.org\/wp-content\/uploads\/2025\/04\/pontos-30.png 266w, https:\/\/dmr-portugal.org\/wp-content\/uploads\/2025\/04\/pontos-30-108x300.png 108w, https:\/\/dmr-portugal.org\/wp-content\/uploads\/2025\/04\/pontos-30-54x150.png 54w\" sizes=\"(max-width: 266px) 100vw, 266px\" \/><\/p>\n<p>&nbsp;<\/p>\n<table style=\"border-collapse: collapse; width: 100%;\">\n<tbody>\n<tr>\n<td style=\"width: 50%; border-style: hidden; text-align: center;\"><img loading=\"lazy\" decoding=\"async\" class=\"size-full wp-image-4103 aligncenter\" src=\"https:\/\/dmr-portugal.org\/wp-content\/uploads\/2025\/04\/estatistica-30.png\" alt=\"\" width=\"394\" height=\"249\" srcset=\"https:\/\/dmr-portugal.org\/wp-content\/uploads\/2025\/04\/estatistica-30.png 394w, https:\/\/dmr-portugal.org\/wp-content\/uploads\/2025\/04\/estatistica-30-300x190.png 300w, https:\/\/dmr-portugal.org\/wp-content\/uploads\/2025\/04\/estatistica-30-150x95.png 150w\" sizes=\"(max-width: 394px) 100vw, 394px\" \/><\/td>\n<td style=\"width: 50%; text-align: center;\"><img loading=\"lazy\" decoding=\"async\" class=\"size-full wp-image-4104 aligncenter\" src=\"https:\/\/dmr-portugal.org\/wp-content\/uploads\/2025\/04\/top-30.png\" alt=\"\" width=\"388\" height=\"358\" srcset=\"https:\/\/dmr-portugal.org\/wp-content\/uploads\/2025\/04\/top-30.png 388w, https:\/\/dmr-portugal.org\/wp-content\/uploads\/2025\/04\/top-30-300x277.png 300w, https:\/\/dmr-portugal.org\/wp-content\/uploads\/2025\/04\/top-30-150x138.png 150w\" sizes=\"(max-width: 388px) 100vw, 388px\" \/><\/td>\n<\/tr>\n<\/tbody>\n<\/table>\n<p>&nbsp;<\/p>\n<p style=\"text-align: center;\"><img loading=\"lazy\" decoding=\"async\" class=\"size-full wp-image-4105 aligncenter\" src=\"https:\/\/dmr-portugal.org\/wp-content\/uploads\/2025\/04\/associacoes-30.png\" alt=\"\" width=\"314\" height=\"578\" srcset=\"https:\/\/dmr-portugal.org\/wp-content\/uploads\/2025\/04\/associacoes-30.png 314w, https:\/\/dmr-portugal.org\/wp-content\/uploads\/2025\/04\/associacoes-30-163x300.png 163w, https:\/\/dmr-portugal.org\/wp-content\/uploads\/2025\/04\/associacoes-30-81x150.png 81w\" sizes=\"(max-width: 314px) 100vw, 314px\" \/><\/p>\n<p>&nbsp;<\/p>\n<hr \/>\n<p>&nbsp;<\/p>\n","protected":false},"excerpt":{"rendered":"<p>&nbsp; Hist\u00f3rico da 30\u00aa sess\u00e3o Log da 30\u00aa sess\u00e3o do 8\u00ba ano &nbsp; 19 utilizadores fizeram representar as suas associa\u00e7\u00f5es. 2 utilizadores responderam corretamente \u00e0 quest\u00e3o do Quiz, colocada e publicada em resposta na sess\u00e3o #9 que era a seguinte: &nbsp; Qual a finalidade das fun\u00e7\u00f5es \u201cGroup Call Hold Time\u201d \u2026 <a class=\"continue-reading-link\" href=\"https:\/\/dmr-portugal.org\/?page_id=4095\"> Continua&#8230; <span class=\"meta-nav\">&rarr; <\/span><\/a><\/p>\n","protected":false},"author":1,"featured_media":0,"parent":3839,"menu_order":17,"comment_status":"closed","ping_status":"closed","template":"","meta":{"footnotes":""},"class_list":["post-4095","page","type-page","status-publish","hentry"],"_links":{"self":[{"href":"https:\/\/dmr-portugal.org\/index.php?rest_route=\/wp\/v2\/pages\/4095","targetHints":{"allow":["GET"]}}],"collection":[{"href":"https:\/\/dmr-portugal.org\/index.php?rest_route=\/wp\/v2\/pages"}],"about":[{"href":"https:\/\/dmr-portugal.org\/index.php?rest_route=\/wp\/v2\/types\/page"}],"author":[{"embeddable":true,"href":"https:\/\/dmr-portugal.org\/index.php?rest_route=\/wp\/v2\/users\/1"}],"replies":[{"embeddable":true,"href":"https:\/\/dmr-portugal.org\/index.php?rest_route=%2Fwp%2Fv2%2Fcomments&post=4095"}],"version-history":[{"count":6,"href":"https:\/\/dmr-portugal.org\/index.php?rest_route=\/wp\/v2\/pages\/4095\/revisions"}],"predecessor-version":[{"id":4108,"href":"https:\/\/dmr-portugal.org\/index.php?rest_route=\/wp\/v2\/pages\/4095\/revisions\/4108"}],"up":[{"embeddable":true,"href":"https:\/\/dmr-portugal.org\/index.php?rest_route=\/wp\/v2\/pages\/3839"}],"wp:attachment":[{"href":"https:\/\/dmr-portugal.org\/index.php?rest_route=%2Fwp%2Fv2%2Fmedia&parent=4095"}],"curies":[{"name":"wp","href":"https:\/\/api.w.org\/{rel}","templated":true}]}}