{"id":4047,"date":"2025-04-02T11:11:53","date_gmt":"2025-04-02T10:11:53","guid":{"rendered":"https:\/\/dmr-portugal.org\/?page_id=4047"},"modified":"2025-04-02T11:38:46","modified_gmt":"2025-04-02T10:38:46","slug":"netct-27a-sessao","status":"publish","type":"page","link":"https:\/\/dmr-portugal.org\/?page_id=4047","title":{"rendered":"netCT 27\u00aa sess\u00e3o"},"content":{"rendered":"<p>&nbsp;<\/p>\n<p style=\"text-align: center;\"><strong><span style=\"font-family: arial, helvetica, sans-serif; font-size: 20px;\">Hist\u00f3rico da 27\u00aa sess\u00e3o<\/span><\/strong><\/p>\n<p style=\"text-align: center;\"><img fetchpriority=\"high\" decoding=\"async\" class=\"size-full wp-image-4050 aligncenter\" src=\"https:\/\/dmr-portugal.org\/wp-content\/uploads\/2025\/04\/Log-net-08_27.png\" alt=\"\" width=\"969\" height=\"763\" srcset=\"https:\/\/dmr-portugal.org\/wp-content\/uploads\/2025\/04\/Log-net-08_27.png 969w, https:\/\/dmr-portugal.org\/wp-content\/uploads\/2025\/04\/Log-net-08_27-300x236.png 300w, https:\/\/dmr-portugal.org\/wp-content\/uploads\/2025\/04\/Log-net-08_27-768x605.png 768w, https:\/\/dmr-portugal.org\/wp-content\/uploads\/2025\/04\/Log-net-08_27-150x118.png 150w\" sizes=\"(max-width: 969px) 100vw, 969px\" \/><\/p>\n<p style=\"text-align: center;\"><span style=\"font-family: arial, helvetica, sans-serif;\"><em><strong>Log da 27\u00aa sess\u00e3o do 8\u00ba ano<\/strong><\/em><\/span><\/p>\n<p>&nbsp;<\/p>\n<p><span style=\"font-family: arial, helvetica, sans-serif;\">20 utilizadores fizeram representar as suas associa\u00e7\u00f5es. 1 utilizador respondeu n\u00e3o muito corretamente \u00e0 quest\u00e3o do Quiz, colocada e publicada em resposta na sess\u00e3o #10 que era a seguinte:<\/span><\/p>\n<p>&nbsp;<\/p>\n<p style=\"padding-left: 80px;\"><span style=\"font-family: arial, helvetica, sans-serif;\">Tenho um radio C4FM e um hotspot, sei que posso aceder aos repetidores Yaesu da serra do\u00a0 Arestal e da serra S.Mamede.<br \/>\nQue DG-ID devo ter configurado no meu radio para poder escutar esses 2 repetidores ?<\/span><\/p>\n<p>&nbsp;<\/p>\n<p><span style=\"font-family: arial, helvetica, sans-serif;\">Resposta esperada:<\/span><\/p>\n<p><span style=\"font-family: arial, helvetica, sans-serif;\">Se o seu interesse ser\u00e1 escutar a actividade presente neles e interagir caso haja algum tr\u00e1fego deve SEMPRE ter como RX DG-ID o 00, o TX DG-ID tamb\u00e9m poder\u00e1 ser o 00, isto porque a sua emiss\u00e3o vai seguir a ultima comunica\u00e7\u00e3o ouvida e ap\u00f3s 30 seg perde acesso a esse DG-ID. <\/span><br \/>\n<span style=\"font-family: arial, helvetica, sans-serif;\">Se pretender fazer uma chamada ent\u00e3o ter\u00e1 que usar no TX DG-ID o num\u00e9rico para o acesso a esses repetidores. Mais informa\u00e7\u00e3o pode ser lida no site <a href=\"https:\/\/dmr-portugal.org\/?p=3591\" target=\"_blank\" rel=\"nofollow noopener noreferrer\">dmr-portugal.org<\/a>.<\/span><\/p>\n<p>&nbsp;<\/p>\n<p style=\"text-align: center;\"><span style=\"font-family: arial, helvetica, sans-serif; font-size: 20px;\"><strong>Fotos rececionadas<\/strong><\/span><\/p>\n<p>&nbsp;<\/p>\n<div id=\"attachment_4053\" style=\"width: 510px\" class=\"wp-caption aligncenter\"><a href=\"https:\/\/dmr-portugal.org\/wp-content\/uploads\/2025\/04\/CT1DGC-27.jpg\" target=\"_blank\" rel=\"noopener\"><img decoding=\"async\" aria-describedby=\"caption-attachment-4053\" class=\"wp-image-4053\" src=\"https:\/\/dmr-portugal.org\/wp-content\/uploads\/2025\/04\/CT1DGC-27-300x190.jpg\" alt=\"CT1DGC\" width=\"500\" height=\"317\" srcset=\"https:\/\/dmr-portugal.org\/wp-content\/uploads\/2025\/04\/CT1DGC-27-300x190.jpg 300w, https:\/\/dmr-portugal.org\/wp-content\/uploads\/2025\/04\/CT1DGC-27-1024x649.jpg 1024w, https:\/\/dmr-portugal.org\/wp-content\/uploads\/2025\/04\/CT1DGC-27-768x487.jpg 768w, https:\/\/dmr-portugal.org\/wp-content\/uploads\/2025\/04\/CT1DGC-27-1536x974.jpg 1536w, https:\/\/dmr-portugal.org\/wp-content\/uploads\/2025\/04\/CT1DGC-27-2048x1298.jpg 2048w, https:\/\/dmr-portugal.org\/wp-content\/uploads\/2025\/04\/CT1DGC-27-150x95.jpg 150w\" sizes=\"(max-width: 500px) 100vw, 500px\" \/><\/a><p id=\"caption-attachment-4053\" class=\"wp-caption-text\"><span style=\"font-family: arial, helvetica, sans-serif;\">CT1DGC &#8211; 4 pontos<\/span><\/p><\/div>\n<p>&nbsp;<\/p>\n<p style=\"text-align: center;\"><span style=\"font-family: arial, helvetica, sans-serif; font-size: 20px;\"><strong>Pontos<br \/>\n<\/strong><span style=\"font-size: 16px;\">Top \u2018Selfies\u2019\/Quiz<\/span><\/span><\/p>\n<p style=\"text-align: center;\"><img decoding=\"async\" class=\"size-full wp-image-4059 aligncenter\" src=\"https:\/\/dmr-portugal.org\/wp-content\/uploads\/2025\/04\/pontos-27.png\" alt=\"\" width=\"223\" height=\"727\" srcset=\"https:\/\/dmr-portugal.org\/wp-content\/uploads\/2025\/04\/pontos-27.png 223w, https:\/\/dmr-portugal.org\/wp-content\/uploads\/2025\/04\/pontos-27-92x300.png 92w, https:\/\/dmr-portugal.org\/wp-content\/uploads\/2025\/04\/pontos-27-46x150.png 46w\" sizes=\"(max-width: 223px) 100vw, 223px\" \/><\/p>\n<p>&nbsp;<\/p>\n<table style=\"border-collapse: collapse; width: 100%; height: 410px;\">\n<tbody>\n<tr style=\"height: 410px;\">\n<td style=\"width: 50%; height: 410px; border-style: hidden; text-align: center;\"><img loading=\"lazy\" decoding=\"async\" class=\"size-full wp-image-4060 aligncenter\" src=\"https:\/\/dmr-portugal.org\/wp-content\/uploads\/2025\/04\/estatistica-27.png\" alt=\"\" width=\"338\" height=\"213\" srcset=\"https:\/\/dmr-portugal.org\/wp-content\/uploads\/2025\/04\/estatistica-27.png 338w, https:\/\/dmr-portugal.org\/wp-content\/uploads\/2025\/04\/estatistica-27-300x189.png 300w, https:\/\/dmr-portugal.org\/wp-content\/uploads\/2025\/04\/estatistica-27-150x95.png 150w\" sizes=\"(max-width: 338px) 100vw, 338px\" \/><\/td>\n<td style=\"width: 50%; height: 410px; border-style: hidden; text-align: center;\"><img loading=\"lazy\" decoding=\"async\" class=\"size-full wp-image-4061 aligncenter\" src=\"https:\/\/dmr-portugal.org\/wp-content\/uploads\/2025\/04\/top-tg-27.png\" alt=\"\" width=\"375\" height=\"398\" srcset=\"https:\/\/dmr-portugal.org\/wp-content\/uploads\/2025\/04\/top-tg-27.png 375w, https:\/\/dmr-portugal.org\/wp-content\/uploads\/2025\/04\/top-tg-27-283x300.png 283w, https:\/\/dmr-portugal.org\/wp-content\/uploads\/2025\/04\/top-tg-27-141x150.png 141w\" sizes=\"(max-width: 375px) 100vw, 375px\" \/><\/td>\n<\/tr>\n<\/tbody>\n<\/table>\n<p>&nbsp;<\/p>\n<p style=\"text-align: center;\"><img loading=\"lazy\" decoding=\"async\" class=\"size-full wp-image-4063 aligncenter\" src=\"https:\/\/dmr-portugal.org\/wp-content\/uploads\/2025\/04\/associacoes-27.png\" alt=\"\" width=\"304\" height=\"594\" srcset=\"https:\/\/dmr-portugal.org\/wp-content\/uploads\/2025\/04\/associacoes-27.png 304w, https:\/\/dmr-portugal.org\/wp-content\/uploads\/2025\/04\/associacoes-27-154x300.png 154w, https:\/\/dmr-portugal.org\/wp-content\/uploads\/2025\/04\/associacoes-27-77x150.png 77w\" sizes=\"(max-width: 304px) 100vw, 304px\" \/><\/p>\n<hr \/>\n<p>&nbsp;<\/p>\n","protected":false},"excerpt":{"rendered":"<p>&nbsp; Hist\u00f3rico da 27\u00aa sess\u00e3o Log da 27\u00aa sess\u00e3o do 8\u00ba ano &nbsp; 20 utilizadores fizeram representar as suas associa\u00e7\u00f5es. 1 utilizador respondeu n\u00e3o muito corretamente \u00e0 quest\u00e3o do Quiz, colocada e publicada em resposta na sess\u00e3o #10 que era a seguinte: &nbsp; Tenho um radio C4FM e um hotspot, \u2026 <a class=\"continue-reading-link\" href=\"https:\/\/dmr-portugal.org\/?page_id=4047\"> Continua&#8230; <span class=\"meta-nav\">&rarr; <\/span><\/a><\/p>\n","protected":false},"author":1,"featured_media":0,"parent":3839,"menu_order":20,"comment_status":"closed","ping_status":"closed","template":"","meta":{"footnotes":""},"class_list":["post-4047","page","type-page","status-publish","hentry"],"_links":{"self":[{"href":"https:\/\/dmr-portugal.org\/index.php?rest_route=\/wp\/v2\/pages\/4047","targetHints":{"allow":["GET"]}}],"collection":[{"href":"https:\/\/dmr-portugal.org\/index.php?rest_route=\/wp\/v2\/pages"}],"about":[{"href":"https:\/\/dmr-portugal.org\/index.php?rest_route=\/wp\/v2\/types\/page"}],"author":[{"embeddable":true,"href":"https:\/\/dmr-portugal.org\/index.php?rest_route=\/wp\/v2\/users\/1"}],"replies":[{"embeddable":true,"href":"https:\/\/dmr-portugal.org\/index.php?rest_route=%2Fwp%2Fv2%2Fcomments&post=4047"}],"version-history":[{"count":12,"href":"https:\/\/dmr-portugal.org\/index.php?rest_route=\/wp\/v2\/pages\/4047\/revisions"}],"predecessor-version":[{"id":4051,"href":"https:\/\/dmr-portugal.org\/index.php?rest_route=\/wp\/v2\/pages\/4047\/revisions\/4051"}],"up":[{"embeddable":true,"href":"https:\/\/dmr-portugal.org\/index.php?rest_route=\/wp\/v2\/pages\/3839"}],"wp:attachment":[{"href":"https:\/\/dmr-portugal.org\/index.php?rest_route=%2Fwp%2Fv2%2Fmedia&parent=4047"}],"curies":[{"name":"wp","href":"https:\/\/api.w.org\/{rel}","templated":true}]}}