{"id":3782,"date":"2024-11-28T16:57:29","date_gmt":"2024-11-28T16:57:29","guid":{"rendered":"https:\/\/dmr-portugal.org\/?page_id=3782"},"modified":"2025-01-14T17:34:39","modified_gmt":"2025-01-14T17:34:39","slug":"netct-13a-sessao","status":"publish","type":"page","link":"https:\/\/dmr-portugal.org\/?page_id=3782","title":{"rendered":"netCT 13\u00aa sess\u00e3o"},"content":{"rendered":"<p>&nbsp;<\/p>\n<p style=\"text-align: center;\"><span style=\"font-family: arial, helvetica, sans-serif; font-size: 20px;\"><strong>Hist\u00f3rico da 13\u00aa sess\u00e3o<\/strong><\/span><\/p>\n<p>&nbsp;<\/p>\n<p><img fetchpriority=\"high\" decoding=\"async\" class=\"size-full wp-image-3783 aligncenter\" src=\"https:\/\/dmr-portugal.org\/wp-content\/uploads\/2024\/11\/Log-net-08_13.png\" alt=\"\" width=\"967\" height=\"770\" srcset=\"https:\/\/dmr-portugal.org\/wp-content\/uploads\/2024\/11\/Log-net-08_13.png 967w, https:\/\/dmr-portugal.org\/wp-content\/uploads\/2024\/11\/Log-net-08_13-300x239.png 300w, https:\/\/dmr-portugal.org\/wp-content\/uploads\/2024\/11\/Log-net-08_13-768x612.png 768w, https:\/\/dmr-portugal.org\/wp-content\/uploads\/2024\/11\/Log-net-08_13-150x119.png 150w\" sizes=\"(max-width: 967px) 100vw, 967px\" \/><\/p>\n<p style=\"text-align: center;\"><span style=\"font-family: arial, helvetica, sans-serif;\"><em><strong>Log da 13\u00aa sess\u00e3o do 8\u00ba ano<\/strong><\/em><\/span><\/p>\n<p><span style=\"font-family: arial, helvetica, sans-serif;\">13 utilizadores fizeram representar as suas associa\u00e7\u00f5es. 4 utilizadores responderam parcialmente \u00e0 quest\u00e3o do Quiz e 1 dando toda a informa\u00e7\u00e3o muito embora sem justifica\u00e7\u00e3o do seu uso.<\/span><\/p>\n<p>&nbsp;<\/p>\n<p style=\"text-align: center;\"><strong><span style=\"font-family: arial, helvetica, sans-serif; font-size: 20px;\">Quiz<\/span><\/strong><\/p>\n<p>&nbsp;<\/p>\n<ul>\n<li><span style=\"font-family: arial, helvetica, sans-serif;\"><strong>Qual a diferen\u00e7a entre usar o tg2, tg8 ou tg9, sendo que todos s\u00e3o &#8216;Local\/xxxxx ?<\/strong><\/span><\/li>\n<\/ul>\n<p>&nbsp;<\/p>\n<p style=\"text-align: center;\"><strong><span style=\"font-family: arial, helvetica, sans-serif; font-size: 20px;\">\u2297<\/span><\/strong><\/p>\n<p>&nbsp;<\/p>\n<p><span style=\"font-family: arial, helvetica, sans-serif;\">Todos eles s\u00e3o usados sempre em Slot 2 nos repetidores, cada um deles tem um uso espec\u00edfico, assim repetidores que tenham uma liga\u00e7\u00e3o externa ligada diretamente a ele, o chamado &#8216;Local\/Cluster&#8217; v\u00e3o escutar essa comunica\u00e7\u00e3o no TG 2. Esse direto \u00e9 o ID do pr\u00f3prio repetidor.<\/span><\/p>\n<p>&nbsp;<\/p>\n<p><span style=\"font-family: arial, helvetica, sans-serif;\">Um grupo de repetidores que tamb\u00e9m tenham eles uma liga\u00e7\u00e3o externa \u201cao grupo\u201d ir\u00e3o escutar em todos eles no TG 8, tem o nome de &#8216;Local\/Regional&#8217;.<\/span><\/p>\n<p>&nbsp;<\/p>\n<p><span style=\"font-family: arial, helvetica, sans-serif;\">Finalmente, quem s\u00f3 queira comunicar em modo &#8216;Local\/Reflector&#8217;, ou seja sem liga\u00e7\u00e3o \u00e0 rede externa, usar\u00e1 o TG 9 para tal.<\/span><\/p>\n<p><span style=\"font-family: arial, helvetica, sans-serif;\"><br \/>\n<em>Estes TG\u2019s s\u00f3 devem ser usados em repetidores, o seu uso em hotspot n\u00e3o tem objectivo ou sentido algum, um hotspot s\u00f3 transporta para a rede TG &gt;90.<\/em><\/span><\/p>\n<p>&nbsp;<\/p>\n<p><span style=\"font-family: arial, helvetica, sans-serif;\">Relembrando os nomes dados a estes TG\u2019s:<\/span><\/p>\n<p>&nbsp;<\/p>\n<p><span style=\"font-family: arial, helvetica, sans-serif;\">TG 2 = Local\/Cluster<br \/>\n<\/span><span style=\"font-family: arial, helvetica, sans-serif;\">TG 8 = Local\/Regional<\/span><br \/>\n<span style=\"font-family: arial, helvetica, sans-serif;\">TG 9 = Local\/Reflector<\/span><\/p>\n<p>&nbsp;<\/p>\n<p><span style=\"font-family: arial, helvetica, sans-serif;\">Exemplos de Cluster:<\/span><\/p>\n<p><span style=\"font-family: arial, helvetica, sans-serif;\">268303 = TG 2 no repetidor Arrabida (CQ0<strong>DMA<\/strong>)<\/span><\/p>\n<p>&nbsp;<\/p>\n<p><span style=\"font-family: arial, helvetica, sans-serif;\">Exemplos de Grupos:<\/span><\/p>\n<p><span style=\"font-family: arial, helvetica, sans-serif;\">268901 = TG 8 nos repetidores Monte Virgem (CQ0<strong>DMV<\/strong>), Freita (CQ0<strong>DFR<\/strong>) e Viseu-Cota (CQ0<strong>DLU)<\/strong><\/span><\/p>\n<p>&nbsp;<\/p>\n<p>&nbsp;<\/p>\n<p><strong><span style=\"font-family: arial, helvetica, sans-serif;\"><em>O uso de reflectores\u00a0foi\u00a0descontinuado.<\/em><\/span><\/strong><\/p>\n<p>&nbsp;<\/p>\n<p style=\"text-align: center;\"><span style=\"font-family: arial, helvetica, sans-serif; font-size: 20px;\"><strong>Fotos rececionadas<\/strong><\/span><\/p>\n<p style=\"text-align: center;\"><span style=\"font-family: arial, helvetica, sans-serif;\">(n\u00e3o foram recebidas)<\/span><\/p>\n<p>&nbsp;<\/p>\n<p style=\"text-align: center;\"><span style=\"font-family: arial, helvetica, sans-serif; font-size: 20px;\"><strong>Pontos<\/strong><\/span><\/p>\n<p style=\"text-align: center;\"><span style=\"font-family: arial, helvetica, sans-serif;\"><strong>Top \u2018Selfies\u2019\/Quiz<\/strong><\/span><\/p>\n<p style=\"text-align: center;\"><img decoding=\"async\" class=\"size-full wp-image-3791 aligncenter\" src=\"https:\/\/dmr-portugal.org\/wp-content\/uploads\/2024\/11\/pontos-13.png\" alt=\"\" width=\"284\" height=\"553\" srcset=\"https:\/\/dmr-portugal.org\/wp-content\/uploads\/2024\/11\/pontos-13.png 284w, https:\/\/dmr-portugal.org\/wp-content\/uploads\/2024\/11\/pontos-13-154x300.png 154w, https:\/\/dmr-portugal.org\/wp-content\/uploads\/2024\/11\/pontos-13-77x150.png 77w\" sizes=\"(max-width: 284px) 100vw, 284px\" \/><\/p>\n<p style=\"text-align: center;\"><span style=\"font-family: arial, helvetica, sans-serif; font-size: 20px;\"><strong>Utilizador mais ativo sem. 21\/11 ~ 26\/11<\/strong><\/span><\/p>\n<table style=\"border-collapse: collapse; width: 100%;\">\n<tbody>\n<tr style=\"border-style: hidden;\">\n<td style=\"width: 473.5px; text-align: center;\"><img decoding=\"async\" class=\"size-full wp-image-3792 aligncenter\" src=\"https:\/\/dmr-portugal.org\/wp-content\/uploads\/2024\/11\/top-13.png\" alt=\"\" width=\"455\" height=\"165\" srcset=\"https:\/\/dmr-portugal.org\/wp-content\/uploads\/2024\/11\/top-13.png 455w, https:\/\/dmr-portugal.org\/wp-content\/uploads\/2024\/11\/top-13-300x109.png 300w, https:\/\/dmr-portugal.org\/wp-content\/uploads\/2024\/11\/top-13-150x54.png 150w\" sizes=\"(max-width: 455px) 100vw, 455px\" \/><\/td>\n<td style=\"width: 473.5px;\">&nbsp;<\/p>\n<p><img loading=\"lazy\" decoding=\"async\" class=\"size-full wp-image-3793 aligncenter\" src=\"https:\/\/dmr-portugal.org\/wp-content\/uploads\/2024\/11\/top-tg-13.png\" alt=\"\" width=\"383\" height=\"325\" srcset=\"https:\/\/dmr-portugal.org\/wp-content\/uploads\/2024\/11\/top-tg-13.png 383w, https:\/\/dmr-portugal.org\/wp-content\/uploads\/2024\/11\/top-tg-13-300x255.png 300w, https:\/\/dmr-portugal.org\/wp-content\/uploads\/2024\/11\/top-tg-13-150x127.png 150w\" sizes=\"(max-width: 383px) 100vw, 383px\" \/><\/td>\n<\/tr>\n<\/tbody>\n<\/table>\n<p>&nbsp;<\/p>\n<p style=\"text-align: center;\"><img loading=\"lazy\" decoding=\"async\" class=\"size-full wp-image-3795 aligncenter\" src=\"https:\/\/dmr-portugal.org\/wp-content\/uploads\/2024\/11\/associacoes-13-1.png\" alt=\"\" width=\"336\" height=\"526\" srcset=\"https:\/\/dmr-portugal.org\/wp-content\/uploads\/2024\/11\/associacoes-13-1.png 336w, https:\/\/dmr-portugal.org\/wp-content\/uploads\/2024\/11\/associacoes-13-1-192x300.png 192w, https:\/\/dmr-portugal.org\/wp-content\/uploads\/2024\/11\/associacoes-13-1-96x150.png 96w\" sizes=\"(max-width: 336px) 100vw, 336px\" \/><\/p>\n<p>&nbsp;<\/p>\n<hr \/>\n<p>&nbsp;<\/p>\n<p>&nbsp;<\/p>\n<p>&nbsp;<\/p>\n","protected":false},"excerpt":{"rendered":"<p>&nbsp; Hist\u00f3rico da 13\u00aa sess\u00e3o &nbsp; Log da 13\u00aa sess\u00e3o do 8\u00ba ano 13 utilizadores fizeram representar as suas associa\u00e7\u00f5es. 4 utilizadores responderam parcialmente \u00e0 quest\u00e3o do Quiz e 1 dando toda a informa\u00e7\u00e3o muito embora sem justifica\u00e7\u00e3o do seu uso. &nbsp; Quiz &nbsp; Qual a diferen\u00e7a entre usar o \u2026 <a class=\"continue-reading-link\" href=\"https:\/\/dmr-portugal.org\/?page_id=3782\"> Continua&#8230; <span class=\"meta-nav\">&rarr; <\/span><\/a><\/p>\n","protected":false},"author":1,"featured_media":0,"parent":3842,"menu_order":34,"comment_status":"closed","ping_status":"closed","template":"","meta":{"footnotes":""},"class_list":["post-3782","page","type-page","status-publish","hentry"],"_links":{"self":[{"href":"https:\/\/dmr-portugal.org\/index.php?rest_route=\/wp\/v2\/pages\/3782","targetHints":{"allow":["GET"]}}],"collection":[{"href":"https:\/\/dmr-portugal.org\/index.php?rest_route=\/wp\/v2\/pages"}],"about":[{"href":"https:\/\/dmr-portugal.org\/index.php?rest_route=\/wp\/v2\/types\/page"}],"author":[{"embeddable":true,"href":"https:\/\/dmr-portugal.org\/index.php?rest_route=\/wp\/v2\/users\/1"}],"replies":[{"embeddable":true,"href":"https:\/\/dmr-portugal.org\/index.php?rest_route=%2Fwp%2Fv2%2Fcomments&post=3782"}],"version-history":[{"count":10,"href":"https:\/\/dmr-portugal.org\/index.php?rest_route=\/wp\/v2\/pages\/3782\/revisions"}],"predecessor-version":[{"id":3799,"href":"https:\/\/dmr-portugal.org\/index.php?rest_route=\/wp\/v2\/pages\/3782\/revisions\/3799"}],"up":[{"embeddable":true,"href":"https:\/\/dmr-portugal.org\/index.php?rest_route=\/wp\/v2\/pages\/3842"}],"wp:attachment":[{"href":"https:\/\/dmr-portugal.org\/index.php?rest_route=%2Fwp%2Fv2%2Fmedia&parent=3782"}],"curies":[{"name":"wp","href":"https:\/\/api.w.org\/{rel}","templated":true}]}}