{"id":3735,"date":"2024-11-25T12:12:14","date_gmt":"2024-11-25T12:12:14","guid":{"rendered":"https:\/\/dmr-portugal.org\/?page_id=3735"},"modified":"2025-01-14T17:33:44","modified_gmt":"2025-01-14T17:33:44","slug":"netct-10a-sessao","status":"publish","type":"page","link":"https:\/\/dmr-portugal.org\/?page_id=3735","title":{"rendered":"netCT 10\u00aa sess\u00e3o"},"content":{"rendered":"<p>&nbsp;<\/p>\n<p style=\"text-align: center;\"><span style=\"font-family: arial, helvetica, sans-serif; font-size: 20px;\"><strong>Hist\u00f3rico da 10\u00aa sess\u00e3o<\/strong><\/span><\/p>\n<p>&nbsp;<\/p>\n<p><img fetchpriority=\"high\" decoding=\"async\" class=\"alignnone size-full wp-image-3737 aligncenter\" src=\"https:\/\/dmr-portugal.org\/wp-content\/uploads\/2024\/11\/Log-net-08_10.png\" alt=\"\" width=\"967\" height=\"770\" srcset=\"https:\/\/dmr-portugal.org\/wp-content\/uploads\/2024\/11\/Log-net-08_10.png 967w, https:\/\/dmr-portugal.org\/wp-content\/uploads\/2024\/11\/Log-net-08_10-300x239.png 300w, https:\/\/dmr-portugal.org\/wp-content\/uploads\/2024\/11\/Log-net-08_10-768x612.png 768w, https:\/\/dmr-portugal.org\/wp-content\/uploads\/2024\/11\/Log-net-08_10-150x119.png 150w\" sizes=\"(max-width: 967px) 100vw, 967px\" \/><\/p>\n<p style=\"text-align: center;\"><span style=\"font-family: arial, helvetica, sans-serif;\"><em><strong>Log da 10\u00aa sess\u00e3o do 8\u00ba ano<\/strong><\/em><\/span><\/p>\n<p>&nbsp;<\/p>\n<p><span style=\"font-family: arial, helvetica, sans-serif;\">16 utilizadores fizeram representar as suas associa\u00e7\u00f5es. 1 utilizador respondeu corretamente a quest\u00e3o do Quiz.\u00a0<\/span><\/p>\n<p>&nbsp;<\/p>\n<p style=\"text-align: center;\"><span style=\"font-family: arial, helvetica, sans-serif; font-size: 20px;\"><strong>Quiz<\/strong><\/span><\/p>\n<ul>\n<li><strong><span style=\"font-family: arial, helvetica, sans-serif;\">Tenho um radio C4FM e um hotspot, sei que posso aceder aos repetidores Yaesu da serra do Arestal e da serra S.Mamede. <\/span><\/strong><br \/>\n<strong><span style=\"font-family: arial, helvetica, sans-serif;\">Que DG-ID devo ter configurado no meu radio para poder escutar esses 2 repetidores ?<\/span><\/strong><\/li>\n<\/ul>\n<p style=\"text-align: center;\"><strong><span style=\"font-size: 20px;\">\u2297<\/span><\/strong><\/p>\n<p><span style=\"font-family: arial, helvetica, sans-serif;\">Se o seu interesse ser\u00e1 escutar a atividade presente neles e interagir caso haja algum tr\u00e1fego deve SEMPRE ter como <strong>RX DG-ID<\/strong> o 00, o TX DG-ID tamb\u00e9m poder\u00e1 ser o 00, isto porque a sua emiss\u00e3o vai seguir a ultima comunica\u00e7\u00e3o ouvida e ap\u00f3s 30 seg (vai ouvir dois bips) perde acesso a esse DG-ID. <\/span><br \/>\n<span style=\"font-family: arial, helvetica, sans-serif;\">Se pretender fazer uma chamada ent\u00e3o ter\u00e1 que usar no TX DG-ID o num\u00e9rico para o acesso a esses repetidores. Mais informa\u00e7\u00e3o pode ser lida no <a href=\"https:\/\/dmr-portugal.org\/?p=3591\" target=\"_blank\" rel=\"nofollow noopener noreferrer\"><strong>aqui<\/strong><\/a>.<br \/>\nUse como usar aconselhamos a que use sempre o RX DG-ID = &#8217;00&#8217;.<\/span><\/p>\n<p>&nbsp;<\/p>\n<p style=\"text-align: center;\"><span style=\"font-family: arial, helvetica, sans-serif; font-size: 20px;\"><strong>Fotos rececionadas<\/strong><\/span><\/p>\n<p style=\"text-align: center;\"><span style=\"font-family: arial, helvetica, sans-serif;\">(n\u00e3o foram recebidas)<\/span><\/p>\n<p>&nbsp;<\/p>\n<p style=\"text-align: center;\"><span style=\"font-family: arial, helvetica, sans-serif; font-size: 20px;\"><strong>Pontos<\/strong><\/span><\/p>\n<p style=\"text-align: center;\"><span style=\"font-family: arial, helvetica, sans-serif;\"><strong>Top \u2018Selfies\u2019\/Quiz<\/strong><\/span><\/p>\n<p style=\"text-align: center;\"><img decoding=\"async\" class=\"alignnone size-full wp-image-3742\" src=\"https:\/\/dmr-portugal.org\/wp-content\/uploads\/2024\/11\/pontos-10.png\" alt=\"\" width=\"269\" height=\"471\" srcset=\"https:\/\/dmr-portugal.org\/wp-content\/uploads\/2024\/11\/pontos-10.png 269w, https:\/\/dmr-portugal.org\/wp-content\/uploads\/2024\/11\/pontos-10-171x300.png 171w, https:\/\/dmr-portugal.org\/wp-content\/uploads\/2024\/11\/pontos-10-86x150.png 86w\" sizes=\"(max-width: 269px) 100vw, 269px\" \/><\/p>\n<p>&nbsp;<\/p>\n<p style=\"text-align: center;\"><span style=\"font-family: arial, helvetica, sans-serif; font-size: 20px;\"><strong>Utilizador mais ativo sem. 31\/10 ~ 05\/11<\/strong><\/span><\/p>\n<table style=\"border-collapse: collapse; width: 100%;\">\n<tbody>\n<tr>\n<td style=\"width: 50%;\"><img decoding=\"async\" class=\"size-full wp-image-3744 aligncenter\" src=\"https:\/\/dmr-portugal.org\/wp-content\/uploads\/2024\/11\/top-10.png\" alt=\"\" width=\"408\" height=\"219\" srcset=\"https:\/\/dmr-portugal.org\/wp-content\/uploads\/2024\/11\/top-10.png 408w, https:\/\/dmr-portugal.org\/wp-content\/uploads\/2024\/11\/top-10-300x161.png 300w, https:\/\/dmr-portugal.org\/wp-content\/uploads\/2024\/11\/top-10-150x81.png 150w\" sizes=\"(max-width: 408px) 100vw, 408px\" \/><\/td>\n<td style=\"width: 50%;\"><img loading=\"lazy\" decoding=\"async\" class=\"size-full wp-image-3745 aligncenter\" src=\"https:\/\/dmr-portugal.org\/wp-content\/uploads\/2024\/11\/top-tg-10.png\" alt=\"\" width=\"389\" height=\"308\" srcset=\"https:\/\/dmr-portugal.org\/wp-content\/uploads\/2024\/11\/top-tg-10.png 389w, https:\/\/dmr-portugal.org\/wp-content\/uploads\/2024\/11\/top-tg-10-300x238.png 300w, https:\/\/dmr-portugal.org\/wp-content\/uploads\/2024\/11\/top-tg-10-150x119.png 150w\" sizes=\"(max-width: 389px) 100vw, 389px\" \/><\/td>\n<\/tr>\n<\/tbody>\n<\/table>\n<p>&nbsp;<\/p>\n<p><img loading=\"lazy\" decoding=\"async\" class=\"size-full wp-image-3747 aligncenter\" src=\"https:\/\/dmr-portugal.org\/wp-content\/uploads\/2024\/11\/associacoes-10.png\" alt=\"\" width=\"328\" height=\"516\" srcset=\"https:\/\/dmr-portugal.org\/wp-content\/uploads\/2024\/11\/associacoes-10.png 328w, https:\/\/dmr-portugal.org\/wp-content\/uploads\/2024\/11\/associacoes-10-191x300.png 191w, https:\/\/dmr-portugal.org\/wp-content\/uploads\/2024\/11\/associacoes-10-95x150.png 95w\" sizes=\"(max-width: 328px) 100vw, 328px\" \/><\/p>\n","protected":false},"excerpt":{"rendered":"<p>&nbsp; Hist\u00f3rico da 10\u00aa sess\u00e3o &nbsp; Log da 10\u00aa sess\u00e3o do 8\u00ba ano &nbsp; 16 utilizadores fizeram representar as suas associa\u00e7\u00f5es. 1 utilizador respondeu corretamente a quest\u00e3o do Quiz.\u00a0 &nbsp; Quiz Tenho um radio C4FM e um hotspot, sei que posso aceder aos repetidores Yaesu da serra do Arestal e \u2026 <a class=\"continue-reading-link\" href=\"https:\/\/dmr-portugal.org\/?page_id=3735\"> Continua&#8230; <span class=\"meta-nav\">&rarr; <\/span><\/a><\/p>\n","protected":false},"author":1,"featured_media":0,"parent":3842,"menu_order":37,"comment_status":"closed","ping_status":"closed","template":"","meta":{"footnotes":""},"class_list":["post-3735","page","type-page","status-publish","hentry"],"_links":{"self":[{"href":"https:\/\/dmr-portugal.org\/index.php?rest_route=\/wp\/v2\/pages\/3735","targetHints":{"allow":["GET"]}}],"collection":[{"href":"https:\/\/dmr-portugal.org\/index.php?rest_route=\/wp\/v2\/pages"}],"about":[{"href":"https:\/\/dmr-portugal.org\/index.php?rest_route=\/wp\/v2\/types\/page"}],"author":[{"embeddable":true,"href":"https:\/\/dmr-portugal.org\/index.php?rest_route=\/wp\/v2\/users\/1"}],"replies":[{"embeddable":true,"href":"https:\/\/dmr-portugal.org\/index.php?rest_route=%2Fwp%2Fv2%2Fcomments&post=3735"}],"version-history":[{"count":9,"href":"https:\/\/dmr-portugal.org\/index.php?rest_route=\/wp\/v2\/pages\/3735\/revisions"}],"predecessor-version":[{"id":3749,"href":"https:\/\/dmr-portugal.org\/index.php?rest_route=\/wp\/v2\/pages\/3735\/revisions\/3749"}],"up":[{"embeddable":true,"href":"https:\/\/dmr-portugal.org\/index.php?rest_route=\/wp\/v2\/pages\/3842"}],"wp:attachment":[{"href":"https:\/\/dmr-portugal.org\/index.php?rest_route=%2Fwp%2Fv2%2Fmedia&parent=3735"}],"curies":[{"name":"wp","href":"https:\/\/api.w.org\/{rel}","templated":true}]}}