{"id":3502,"date":"2024-09-06T16:31:02","date_gmt":"2024-09-06T15:31:02","guid":{"rendered":"https:\/\/dmr-portugal.org\/?page_id=3502"},"modified":"2025-01-14T17:30:02","modified_gmt":"2025-01-14T17:30:02","slug":"netct","status":"publish","type":"page","link":"https:\/\/dmr-portugal.org\/?page_id=3502","title":{"rendered":"netCT 1\u00aa sess\u00e3o"},"content":{"rendered":"<p>&nbsp;<\/p>\n<p style=\"text-align: center;\"><span style=\"font-family: arial, helvetica, sans-serif; font-size: 20px;\"><span style=\"font-family: arial, helvetica, sans-serif;\">Hist\u00f3rico da 1\u00aa sess\u00e3o<\/span><\/span><\/p>\n<p>&nbsp;<\/p>\n<p><span style=\"font-family: arial, helvetica, sans-serif;\"><img fetchpriority=\"high\" decoding=\"async\" class=\"size-full wp-image-3503 aligncenter\" src=\"https:\/\/dmr-portugal.org\/wp-content\/uploads\/2024\/09\/Log-net-08_01.png\" alt=\"\" width=\"1004\" height=\"752\" srcset=\"https:\/\/dmr-portugal.org\/wp-content\/uploads\/2024\/09\/Log-net-08_01.png 1004w, https:\/\/dmr-portugal.org\/wp-content\/uploads\/2024\/09\/Log-net-08_01-300x225.png 300w, https:\/\/dmr-portugal.org\/wp-content\/uploads\/2024\/09\/Log-net-08_01-768x575.png 768w, https:\/\/dmr-portugal.org\/wp-content\/uploads\/2024\/09\/Log-net-08_01-150x112.png 150w\" sizes=\"(max-width: 1004px) 100vw, 1004px\" \/><\/span><\/p>\n<p>&nbsp;<\/p>\n<p style=\"text-align: center;\"><span style=\"font-size: 20px;\"><em><span style=\"font-family: arial, helvetica, sans-serif;\">Log da 1\u00aa sess\u00e3o do 8\u00aa ano<\/span><\/em><\/span><\/p>\n<p>&nbsp;<\/p>\n<p><span style=\"font-family: arial, helvetica, sans-serif;\">Esta sess\u00e3o apresentou as novidades propostas aos utilizadores, a introdu\u00e7\u00e3o de um Quiz, o facto de a chamada ao continente nacional ser aleat\u00f3ria, o r\u00e1dio jornal (n\u00e3o garantido ser semanal), bem como o envio feito pelos utilizadores de uma foto mostrando a opera\u00e7\u00e3o do seu equipamento, que lhe garante uma pontua\u00e7\u00e3o vis\u00edvel no log e um diploma no fim da s\u00e9rie, prevista para 30 de Julho de 2025.<br \/>\nHouve 2 utilizadores que pretenderam representar a associa\u00e7\u00e3o na qual s\u00e3o membros. &#8211;\u00a0<em><strong>lembramos que devem anunciar sempre essa representatividade, o facto de operarem uma esta\u00e7\u00e3o de uso comum n\u00e3o pressup\u00f5e nem identifica a associa\u00e7\u00e3o<\/strong>.\u00a0<\/em>O somat\u00f3rio do n\u00famero de utilizadores por associa\u00e7\u00e3o leva a que no final da 8\u00aa s\u00e9rie seja atribu\u00eddo um diploma a essa associa\u00e7\u00e3o.<\/span><\/p>\n<p style=\"text-align: center;\"><strong><span style=\"font-family: arial, helvetica, sans-serif; font-size: 20px;\">Quiz<\/span><\/strong><\/p>\n<p>&nbsp;<\/p>\n<ul>\n<li><span style=\"font-family: arial, helvetica, sans-serif;\">&#8211; Tenho um equipamento DMR e o respetivo ID mas resolvi experimentar o DSTAR, uns dizem-me que tenho que ter um registo DSTAR outros dizem que n\u00e3o, quem est\u00e1 certo ?<\/span><\/li>\n<\/ul>\n<p style=\"text-align: center;\">\u2297<\/p>\n<p>R:\u00a0 \u00a0&#8211;\u00a0 <span style=\"font-family: arial, helvetica, sans-serif;\">O DSTAR tem no mundo duas formas de interliga\u00e7\u00e3o, a 1\u00aa chamada DPlus e criada pela ICOM obriga a registo de indicativo, bem como alguns modulos especificos, por exemplo o \u2018T\u2019 para uso como Terminal Mode. <\/span><br \/>\n<span style=\"font-family: arial, helvetica, sans-serif;\">A outra rede, tamb\u00e9m ela DSTAR, \u00e9 a XLX ou XRF ou DCS, que n\u00e3o obriga a esse registo, bastando para tal que o utilizador configure o seu equipamento de forma correta.<\/span><br \/>\n<span style=\"font-family: arial, helvetica, sans-serif;\">No caso da rede nacional DSTAR temos as duas redes interligadas, a DPlus e a XLX, isto quer dizer que <strong>SIM<\/strong>, ter\u00e1 que efectuar o registo DSTAR sob pena de ser escutado numa rede mas n\u00e3o passar para a outra. <\/span><br \/>\n<span style=\"font-family: arial, helvetica, sans-serif;\">Para o fazer aceda a <a href=\"https:\/\/regist.dstargateway.org\">https:\/\/regist.dstargateway.org<\/a> ou fa\u00e7a uma busca no Google por Dstar Register.<\/span><\/p>\n<p>&nbsp;<\/p>\n<p><span style=\"font-family: arial, helvetica, sans-serif;\"><br \/>\nHouve tr\u00eas interven\u00e7\u00f5es por parte dos utilizadores\u00a0<strong>CT2IXP<\/strong>,\u00a0<strong>CT1ESJ<\/strong>,\u00a0<strong>CT2ITF<\/strong> <span style=\"font-family: arial, helvetica, sans-serif;\">na presta\u00e7\u00e3o de resposta \u00e0 pergunta apresentada na net. Foram atribu\u00eddos pontos a quem respondeu corretamente.<\/span><\/span><\/p>\n<p>&nbsp;<\/p>\n<p style=\"text-align: center;\"><span style=\"font-family: arial, helvetica, sans-serif; font-size: 20px;\">Fotos rececionadas<\/span><\/p>\n<table style=\"border-collapse: collapse; width: 100%;\">\n<tbody>\n<tr>\n<td style=\"width: 16.6667%;\">&nbsp;<\/p>\n<p><div id=\"attachment_3504\" style=\"width: 160px\" class=\"wp-caption aligncenter\"><a href=\"https:\/\/dmr-portugal.org\/?attachment_id=3504\" target=\"_blank\" rel=\"noopener\"><img decoding=\"async\" aria-describedby=\"caption-attachment-3504\" class=\"wp-image-3504 size-thumbnail\" title=\"CT1JQJ netCT de 4-9\" src=\"https:\/\/dmr-portugal.org\/wp-content\/uploads\/2024\/09\/CT1JQJ-1o-150x150.jpeg\" alt=\"\" width=\"150\" height=\"150\" \/><\/a><p id=\"caption-attachment-3504\" class=\"wp-caption-text\"><span style=\"font-family: arial, helvetica, sans-serif;\">CT1JQJ 3 pontos<\/span><\/p><\/div><\/td>\n<td style=\"width: 16.6667%;\">&nbsp;<\/p>\n<div id=\"attachment_3543\" style=\"width: 160px\" class=\"wp-caption aligncenter\"><a href=\"https:\/\/dmr-portugal.org\/wp-content\/uploads\/2024\/09\/CS7BGA-1a-e1726140625600.jpg\" target=\"_blank\" rel=\"noopener\"><img decoding=\"async\" aria-describedby=\"caption-attachment-3543\" class=\"wp-image-3543 size-thumbnail\" title=\"CS7BGA\" src=\"https:\/\/dmr-portugal.org\/wp-content\/uploads\/2024\/09\/CS7BGA-1a-e1726140625600-150x150.jpg\" alt=\"\" width=\"150\" height=\"150\" \/><\/a><p id=\"caption-attachment-3543\" class=\"wp-caption-text\"><span style=\"font-family: arial, helvetica, sans-serif;\">CS7BGA 2 pontos<\/span><\/p><\/div>\n<div class=\"mceTemp\" style=\"text-align: center;\"><\/div>\n<\/td>\n<td style=\"width: 33.3333%; text-align: center;\">&nbsp;<\/p>\n<p><div id=\"attachment_3508\" style=\"width: 160px\" class=\"wp-caption aligncenter\"><a href=\"https:\/\/dmr-portugal.org\/?attachment_id=3508\" target=\"_blank\" rel=\"noopener\"><img loading=\"lazy\" decoding=\"async\" aria-describedby=\"caption-attachment-3508\" class=\"wp-image-3508 size-thumbnail\" title=\"CT1FUH \" src=\"https:\/\/dmr-portugal.org\/wp-content\/uploads\/2024\/09\/CT1FUH-1a-150x150.jpg\" alt=\"\" width=\"150\" height=\"150\" \/><\/a><p id=\"caption-attachment-3508\" class=\"wp-caption-text\"><span style=\"font-family: arial, helvetica, sans-serif;\">CT1FUH<\/span><\/p><\/div><\/td>\n<td style=\"width: 33.3333%;\">&nbsp;<\/p>\n<p><div id=\"attachment_3509\" style=\"width: 160px\" class=\"wp-caption aligncenter\"><a href=\"https:\/\/dmr-portugal.org\/wp-content\/uploads\/2024\/09\/CT7AOJ-1a-scaled.jpg\" target=\"_blank\" rel=\"noopener\"><img loading=\"lazy\" decoding=\"async\" aria-describedby=\"caption-attachment-3509\" class=\"wp-image-3509 size-thumbnail\" title=\"CT7AOJ\" src=\"https:\/\/dmr-portugal.org\/wp-content\/uploads\/2024\/09\/CT7AOJ-1a-150x150.jpg\" alt=\"\" width=\"150\" height=\"150\" \/><\/a><p id=\"caption-attachment-3509\" class=\"wp-caption-text\"><span style=\"font-family: arial, helvetica, sans-serif;\">CT7AOJ 3 pontos<\/span><\/p><\/div><\/td>\n<\/tr>\n<\/tbody>\n<\/table>\n<p>&nbsp;<\/p>\n<p style=\"text-align: center;\"><strong><span style=\"font-family: arial, helvetica, sans-serif; font-size: 20px;\">Utilizador mais ativo sem. 29\/8 ~ 03\/09<\/span><\/strong><\/p>\n<p>&nbsp;<\/p>\n<p style=\"text-align: center;\"><span style=\"font-family: arial, helvetica, sans-serif;\"><span style=\"font-size: 20px;\"><strong>CT2JTN<\/strong><\/span> <em>com 273 min. de conversa\u00e7\u00e3o no per\u00edodo<\/em><\/span><\/p>\n<p>&nbsp;<\/p>\n<p>&nbsp;<\/p>\n<p style=\"text-align: center;\"><span style=\"font-family: arial, helvetica, sans-serif; font-size: 20px;\">TG mais usados neste per\u00edodo<\/span><\/p>\n<p>&nbsp;<\/p>\n<p style=\"text-align: center;\"><img loading=\"lazy\" decoding=\"async\" class=\"alignnone size-full wp-image-3528\" src=\"https:\/\/dmr-portugal.org\/wp-content\/uploads\/2024\/09\/tg.png\" alt=\"\" width=\"318\" height=\"467\" srcset=\"https:\/\/dmr-portugal.org\/wp-content\/uploads\/2024\/09\/tg.png 318w, https:\/\/dmr-portugal.org\/wp-content\/uploads\/2024\/09\/tg-204x300.png 204w, https:\/\/dmr-portugal.org\/wp-content\/uploads\/2024\/09\/tg-102x150.png 102w\" sizes=\"(max-width: 318px) 100vw, 318px\" \/><\/p>\n<p>&nbsp;<\/p>\n<p>&nbsp;<\/p>\n<hr \/>\n<p>&nbsp;<\/p>\n","protected":false},"excerpt":{"rendered":"<p>&nbsp; Hist\u00f3rico da 1\u00aa sess\u00e3o &nbsp; &nbsp; Log da 1\u00aa sess\u00e3o do 8\u00aa ano &nbsp; Esta sess\u00e3o apresentou as novidades propostas aos utilizadores, a introdu\u00e7\u00e3o de um Quiz, o facto de a chamada ao continente nacional ser aleat\u00f3ria, o r\u00e1dio jornal (n\u00e3o garantido ser semanal), bem como o envio feito \u2026 <a class=\"continue-reading-link\" href=\"https:\/\/dmr-portugal.org\/?page_id=3502\"> Continua&#8230; <span class=\"meta-nav\">&rarr; <\/span><\/a><\/p>\n","protected":false},"author":1,"featured_media":0,"parent":3842,"menu_order":46,"comment_status":"open","ping_status":"closed","template":"","meta":{"footnotes":""},"class_list":["post-3502","page","type-page","status-publish","hentry"],"_links":{"self":[{"href":"https:\/\/dmr-portugal.org\/index.php?rest_route=\/wp\/v2\/pages\/3502","targetHints":{"allow":["GET"]}}],"collection":[{"href":"https:\/\/dmr-portugal.org\/index.php?rest_route=\/wp\/v2\/pages"}],"about":[{"href":"https:\/\/dmr-portugal.org\/index.php?rest_route=\/wp\/v2\/types\/page"}],"author":[{"embeddable":true,"href":"https:\/\/dmr-portugal.org\/index.php?rest_route=\/wp\/v2\/users\/1"}],"replies":[{"embeddable":true,"href":"https:\/\/dmr-portugal.org\/index.php?rest_route=%2Fwp%2Fv2%2Fcomments&post=3502"}],"version-history":[{"count":30,"href":"https:\/\/dmr-portugal.org\/index.php?rest_route=\/wp\/v2\/pages\/3502\/revisions"}],"predecessor-version":[{"id":3561,"href":"https:\/\/dmr-portugal.org\/index.php?rest_route=\/wp\/v2\/pages\/3502\/revisions\/3561"}],"up":[{"embeddable":true,"href":"https:\/\/dmr-portugal.org\/index.php?rest_route=\/wp\/v2\/pages\/3842"}],"wp:attachment":[{"href":"https:\/\/dmr-portugal.org\/index.php?rest_route=%2Fwp%2Fv2%2Fmedia&parent=3502"}],"curies":[{"name":"wp","href":"https:\/\/api.w.org\/{rel}","templated":true}]}}