{"id":2902,"date":"2021-08-07T14:10:25","date_gmt":"2021-08-07T13:10:25","guid":{"rendered":"https:\/\/dmr-portugal.org\/?page_id=2902"},"modified":"2021-09-07T21:41:08","modified_gmt":"2021-09-07T20:41:08","slug":"lista-de-bans","status":"publish","type":"page","link":"https:\/\/dmr-portugal.org\/?page_id=2902","title":{"rendered":"Lista de Bans"},"content":{"rendered":"<p><span style=\"font-family: arial, helvetica, sans-serif;\">Grupos bloqueados a um determinado slot, se a informa\u00e7\u00e3o na coluna <strong>Pedido<\/strong>\u00a0for &#8212; quer dizer que foi a equipa de gest\u00e3o que bloqueou um TG por uso indevido, isso acontece sempre que se pretenda usar um determinado TG fora do slot correspondente, ex: 268 a ser usado no Slot2.<\/span><\/p>\n<p>&nbsp;<\/p>\n<p><span style=\"font-family: arial, helvetica, sans-serif;\">Onde houver como informa\u00e7\u00e3o um indicativo quer dizer que o TG foi bloqueado por pedido desse indicativo, que \u00e9 o gestor do repetidor em causa.<\/span><\/p>\n<p>&nbsp;<\/p>\n<p>&nbsp;<\/p>\n<p><iframe src=\"https:\/\/dmr-portugal.org\/bm268\/bans\/\" width=\"100%\" height=\"400\"><\/iframe><\/p>\n<p>&nbsp;<\/p>\n","protected":false},"excerpt":{"rendered":"<p>Grupos bloqueados a um determinado slot, se a informa\u00e7\u00e3o na coluna Pedido\u00a0for &#8212; quer dizer que foi a equipa de gest\u00e3o que bloqueou um TG por uso indevido, isso acontece sempre que se pretenda usar um determinado TG fora do slot correspondente, ex: 268 a ser usado no Slot2. &nbsp; \u2026 <a class=\"continue-reading-link\" href=\"https:\/\/dmr-portugal.org\/?page_id=2902\"> Continua&#8230; <span class=\"meta-nav\">&rarr; <\/span><\/a><\/p>\n","protected":false},"author":3,"featured_media":0,"parent":132,"menu_order":4,"comment_status":"closed","ping_status":"closed","template":"","meta":{"footnotes":""},"class_list":["post-2902","page","type-page","status-publish","hentry"],"_links":{"self":[{"href":"https:\/\/dmr-portugal.org\/index.php?rest_route=\/wp\/v2\/pages\/2902","targetHints":{"allow":["GET"]}}],"collection":[{"href":"https:\/\/dmr-portugal.org\/index.php?rest_route=\/wp\/v2\/pages"}],"about":[{"href":"https:\/\/dmr-portugal.org\/index.php?rest_route=\/wp\/v2\/types\/page"}],"author":[{"embeddable":true,"href":"https:\/\/dmr-portugal.org\/index.php?rest_route=\/wp\/v2\/users\/3"}],"replies":[{"embeddable":true,"href":"https:\/\/dmr-portugal.org\/index.php?rest_route=%2Fwp%2Fv2%2Fcomments&post=2902"}],"version-history":[{"count":0,"href":"https:\/\/dmr-portugal.org\/index.php?rest_route=\/wp\/v2\/pages\/2902\/revisions"}],"up":[{"embeddable":true,"href":"https:\/\/dmr-portugal.org\/index.php?rest_route=\/wp\/v2\/pages\/132"}],"wp:attachment":[{"href":"https:\/\/dmr-portugal.org\/index.php?rest_route=%2Fwp%2Fv2%2Fmedia&parent=2902"}],"curies":[{"name":"wp","href":"https:\/\/api.w.org\/{rel}","templated":true}]}}