{"id":2068,"date":"2018-09-13T12:24:19","date_gmt":"2018-09-13T11:24:19","guid":{"rendered":"https:\/\/dmr-portugal.org\/?page_id=2068"},"modified":"2019-02-18T20:22:53","modified_gmt":"2019-02-18T20:22:53","slug":"dv4mini-software","status":"publish","type":"page","link":"https:\/\/dmr-portugal.org\/?page_id=2068","title":{"rendered":"DV4mini &#8211; Software"},"content":{"rendered":"<p>&nbsp;<\/p>\r\n<p style=\"text-align: center;\"><span style=\"text-decoration: underline; font-size: 28px;\"><strong><span style=\"font-family: arial, helvetica, sans-serif;\">DV4mini<\/span><\/strong><\/span><\/p>\r\n<p>&nbsp;<\/p>\r\n<h3><a href=\"https:\/\/dmr-portugal.org\/wp-content\/uploads\/2015\/10\/dv4mini.jpg\"><img fetchpriority=\"high\" decoding=\"async\" class=\" wp-image-110 alignleft\" src=\"https:\/\/dmr-portugal.org\/wp-content\/uploads\/2015\/10\/dv4mini-300x225.jpg\" alt=\"dv4mini\" width=\"347\" height=\"260\" srcset=\"https:\/\/dmr-portugal.org\/wp-content\/uploads\/2015\/10\/dv4mini-300x225.jpg 300w, https:\/\/dmr-portugal.org\/wp-content\/uploads\/2015\/10\/dv4mini-150x113.jpg 150w, https:\/\/dmr-portugal.org\/wp-content\/uploads\/2015\/10\/dv4mini.jpg 600w\" sizes=\"(max-width: 347px) 100vw, 347px\" \/><\/a><\/h3>\r\n<h3>\u00a0<\/h3>\r\n<h3><span style=\"font-size: 16px; font-family: arial, helvetica, sans-serif;\">O DV4mini \u00e9 um dispositivo USB que permite aceder \u00e0 rede DMR, DSTAR, Fusion ou P25 atrav\u00e9s da internet, e para isso s\u00f3 necessita de ter um pequeno equipamento, pode ser um port\u00e1til ou um micro-computador como o Raspberry PI e configura-lo no modo em que pretende utilizar. A vantagem? Poder aceder \u00e0 rede sem ter que ter um repetidor na sua zona<\/span><span style=\"font-size: 16px; font-family: arial, helvetica, sans-serif;\">.<\/span><\/h3>\r\n<p>&nbsp;<\/p>\r\n<p>&nbsp;<\/p>\r\n<p><span style=\"font-family: arial, helvetica, sans-serif; font-size: 24px;\">Firmware necess\u00e1rio DV4Mini 1.77: <a href=\"https:\/\/www.dropbox.com\/s\/ndjn4bw2p107j39\/DV4mini_177.fw2?dl=0\" target=\"_blank\" rel=\"noopener\">AQUI<\/a><\/span><\/p>\r\n<p><span style=\"font-family: arial, helvetica, sans-serif; font-size: 24px;\">Software <strong>DV4mini<\/strong> nova vers\u00e3o 18-02-2019b: <a href=\"https:\/\/www.dropbox.com\/s\/4ergbc8vaj0hprh\/DV4MINI_2019_02_18b.exe?dl=0\" target=\"_blank\" rel=\"noopener\">Aplicativo Windows 7 ou superior.<\/a><\/span><\/p>\r\n<p style=\"text-align: center;\"><span style=\"font-family: arial, helvetica, sans-serif;\">Ficheiro de reflectores para ser colocado na mesma pasta onde est\u00e1 o execut\u00e1vel:\u00a0<a href=\"https:\/\/www.dropbox.com\/s\/uahu2tz1bcyg00e\/xref.ip?dl=0\" target=\"_blank\" rel=\"noopener\">XREF IP<\/a><\/span><\/p>\r\n<p><span style=\"font-family: arial, helvetica, sans-serif;\">Se receber um erro de falha de acesso Activex ou qualquer refer\u00eancia a bibliotecas .Net instale um dos ficheiros abaixo relativos ao seu sistema operativo. Nos novos Windows 8 ou 10 n\u00e3o s\u00e3o necess\u00e1rios.<\/span><\/p>\r\n<p style=\"text-align: center;\"><a href=\"https:\/\/www.dropbox.com\/s\/83t2560s2pig4dr\/vc_redist.x64.exe?dl=0\" target=\"_blank\" rel=\"noopener\"><span style=\"font-family: arial, helvetica, sans-serif;\">VC++ 64 bits<\/span><\/a><\/p>\r\n<p style=\"text-align: center;\"><a href=\"https:\/\/www.dropbox.com\/s\/lur45kydfhc0nt9\/vc_redist.x86.exe?dl=0\" target=\"_blank\" rel=\"noopener\">VC++ 32 bits<\/a><\/p>\r\n<p><span style=\"font-family: arial, helvetica, sans-serif;\">Tamb\u00e9m n\u00e3o dever\u00e1 ser necess\u00e1rio o driver mas se tiver dificuldade na identifica\u00e7\u00e3o no seu sistema operativo instale-o ent\u00e3o.\u00a0\u00a0 Driver:\u00a0 <a href=\"https:\/\/www.dropbox.com\/s\/fgyt54o5g9q9x34\/DV4mini-drivers.zip?dl=0\" target=\"_blank\" rel=\"noopener\">AQUI<\/a><\/span><\/p>\r\n<p style=\"text-align: center;\"><span style=\"font-family: 'andale mono', monospace; font-size: 28px;\"><a href=\"https:\/\/dmr-portugal.org\/?attachment_id=354\" rel=\"attachment wp-att-354\"><img decoding=\"async\" class=\"alignnone  wp-image-354\" src=\"https:\/\/dmr-portugal.org\/wp-content\/uploads\/2016\/01\/new.jpg\" alt=\"\" width=\"56\" height=\"45\" srcset=\"https:\/\/dmr-portugal.org\/wp-content\/uploads\/2016\/01\/new.jpg 251w, https:\/\/dmr-portugal.org\/wp-content\/uploads\/2016\/01\/new-150x120.jpg 150w\" sizes=\"(max-width: 56px) 100vw, 56px\" \/>\u00a0<\/a><span style=\"font-size: 36px; font-family: arial, helvetica, sans-serif;\">Novidade<\/span><br \/><\/span><\/p>\r\n\r\n<p><span style=\"font-family: arial, helvetica, sans-serif;\">A DV4mini conta agora com um novo software (18-02-2019) este novo software veio libertar a necessidade de &#8220;mapear&#8221; TG&#8217;s no acesso ao\u00a0<a href=\"https:\/\/brandmeister.network\/index.php?page=xtg\">Extended TalkGroup<\/a>, isso agora n\u00e3o \u00e9 mais necess\u00e1rio, basta introduzir o seu ID e como novidade j\u00e1 pode introduzir na caixa a seguir, a extens\u00e3o do mesmo. H\u00e1 uma diferen\u00e7a em rela\u00e7\u00e3o ao usado no pi-star, l\u00e1 at\u00e9 ao numeral 10 usamos colocar &#8217;01&#8217;, &#8217;02&#8217;&#8230; no software Control Center podemos s\u00f3 colocar 1, 2, 3&#8230;. at\u00e9 99 (como no pi-star).\u00a0<br \/>Vamos ver algumas das altera\u00e7\u00f5es necess\u00e1rias para que tudo funcione como se fosse um hotspot tradicional:<\/span><\/p>\r\n<p style=\"text-align: center;\"><span style=\"font-family: arial, helvetica, sans-serif;\"><br \/><br \/><a href=\"https:\/\/dmr-portugal.org\/?attachment_id=2303\" rel=\"attachment wp-att-2303\"><img decoding=\"async\" class=\"alignnone size-full wp-image-2303\" src=\"https:\/\/dmr-portugal.org\/wp-content\/uploads\/2019\/02\/1.png\" alt=\"\" width=\"968\" height=\"528\" srcset=\"https:\/\/dmr-portugal.org\/wp-content\/uploads\/2019\/02\/1.png 968w, https:\/\/dmr-portugal.org\/wp-content\/uploads\/2019\/02\/1-300x164.png 300w, https:\/\/dmr-portugal.org\/wp-content\/uploads\/2019\/02\/1-768x419.png 768w, https:\/\/dmr-portugal.org\/wp-content\/uploads\/2019\/02\/1-150x82.png 150w\" sizes=\"(max-width: 968px) 100vw, 968px\" \/><\/a>\u00a0\u00a0<\/span><\/p>\r\n<p><span style=\"font-family: arial, helvetica, sans-serif;\">Podemos ver o que j\u00e1 tinha sido comentado mais acima, da inclus\u00e3o do n\u00famero de extens\u00e3o a aplicar nos hotspots. De seguida iremos ver a escolha dos sistemas, DMR+ (IPSC2) ou BrandMeister.<\/span><\/p>\r\n<p>&nbsp;<\/p>\r\n<p style=\"text-align: center;\"><a href=\"https:\/\/dmr-portugal.org\/?attachment_id=2304\" rel=\"attachment wp-att-2304\"><img loading=\"lazy\" decoding=\"async\" class=\"alignnone size-full wp-image-2304\" src=\"https:\/\/dmr-portugal.org\/wp-content\/uploads\/2019\/02\/2.png\" alt=\"\" width=\"967\" height=\"528\" srcset=\"https:\/\/dmr-portugal.org\/wp-content\/uploads\/2019\/02\/2.png 967w, https:\/\/dmr-portugal.org\/wp-content\/uploads\/2019\/02\/2-300x164.png 300w, https:\/\/dmr-portugal.org\/wp-content\/uploads\/2019\/02\/2-768x419.png 768w, https:\/\/dmr-portugal.org\/wp-content\/uploads\/2019\/02\/2-150x82.png 150w\" sizes=\"(max-width: 967px) 100vw, 967px\" \/><\/a><\/p>\r\n<p>&nbsp;<\/p>\r\n<p><span style=\"font-family: arial, helvetica, sans-serif;\">Devido a que alguns Master BrandMeister alteraram a password de acesso, no campo password dever\u00e1 ser colocada a que o master escolhido usar.<\/span><\/p>\r\n<p>&nbsp;<\/p>\r\n<p><a href=\"https:\/\/dmr-portugal.org\/?attachment_id=2305\" rel=\"attachment wp-att-2305\"><img loading=\"lazy\" decoding=\"async\" class=\"alignnone size-full wp-image-2305\" src=\"https:\/\/dmr-portugal.org\/wp-content\/uploads\/2019\/02\/3.png\" alt=\"\" width=\"970\" height=\"525\" srcset=\"https:\/\/dmr-portugal.org\/wp-content\/uploads\/2019\/02\/3.png 970w, https:\/\/dmr-portugal.org\/wp-content\/uploads\/2019\/02\/3-300x162.png 300w, https:\/\/dmr-portugal.org\/wp-content\/uploads\/2019\/02\/3-768x416.png 768w, https:\/\/dmr-portugal.org\/wp-content\/uploads\/2019\/02\/3-150x81.png 150w\" sizes=\"(max-width: 970px) 100vw, 970px\" \/><\/a><\/p>\r\n<p>&nbsp;<\/p>\r\n<p><span style=\"font-family: arial, helvetica, sans-serif;\">Uma novidade, o facto de ap\u00f3s termos tudo devidamente configurado n\u00e3o estamos ligados, isso pode ser observado na caixa de texto\u00a0 direita pelo texto &#8220;disconnected&#8221; como informativo. Pressionamos a tecla &#8220;Connect&#8221; e surgir\u00e1 a confirma\u00e7\u00e3o de que estamos ligados, surgir\u00e1 &#8220;4000_BM&#8221; que nos confirma a liga\u00e7\u00e3o.<\/span><\/p>\r\n<p>&nbsp;<\/p>\r\n<p><a href=\"https:\/\/dmr-portugal.org\/?attachment_id=2306\" rel=\"attachment wp-att-2306\"><img loading=\"lazy\" decoding=\"async\" class=\"alignnone size-full wp-image-2306\" src=\"https:\/\/dmr-portugal.org\/wp-content\/uploads\/2019\/02\/4.png\" alt=\"\" width=\"965\" height=\"522\" srcset=\"https:\/\/dmr-portugal.org\/wp-content\/uploads\/2019\/02\/4.png 965w, https:\/\/dmr-portugal.org\/wp-content\/uploads\/2019\/02\/4-300x162.png 300w, https:\/\/dmr-portugal.org\/wp-content\/uploads\/2019\/02\/4-768x415.png 768w, https:\/\/dmr-portugal.org\/wp-content\/uploads\/2019\/02\/4-150x81.png 150w\" sizes=\"(max-width: 965px) 100vw, 965px\" \/><\/a><\/p>\r\n<p>&nbsp;<\/p>\r\n<p><span style=\"font-family: arial, helvetica, sans-serif;\">E pronto, de posse da nossa DV4 ligada ao master s\u00f3 temos que a operar como era feito no passado com os demais hotspots, canal com o TG pretendido e PTT para o activar, n\u00e3o esquecer que ele ir\u00e1 ficar como est\u00e1tico at\u00e9 mudan\u00e7a para outro ou envio de 4000 de grupo.<\/span><\/p>\r\n<p><span style=\"font-family: arial, helvetica, sans-serif;\">Bons testes&#8230;..<\/span><\/p>\r\n<p>&nbsp;<\/p>\r\n","protected":false},"excerpt":{"rendered":"<p>&nbsp; DV4mini &nbsp; \u00a0 O DV4mini \u00e9 um dispositivo USB que permite aceder \u00e0 rede DMR, DSTAR, Fusion ou P25 atrav\u00e9s da internet, e para isso s\u00f3 necessita de ter um pequeno equipamento, pode ser um port\u00e1til ou um micro-computador como o Raspberry PI e configura-lo no modo em que \u2026 <a class=\"continue-reading-link\" href=\"https:\/\/dmr-portugal.org\/?page_id=2068\"> Continua&#8230; <span class=\"meta-nav\">&rarr; <\/span><\/a><\/p>\n","protected":false},"author":1,"featured_media":110,"parent":94,"menu_order":10,"comment_status":"closed","ping_status":"closed","template":"","meta":{"footnotes":""},"class_list":["post-2068","page","type-page","status-publish","has-post-thumbnail","hentry"],"_links":{"self":[{"href":"https:\/\/dmr-portugal.org\/index.php?rest_route=\/wp\/v2\/pages\/2068","targetHints":{"allow":["GET"]}}],"collection":[{"href":"https:\/\/dmr-portugal.org\/index.php?rest_route=\/wp\/v2\/pages"}],"about":[{"href":"https:\/\/dmr-portugal.org\/index.php?rest_route=\/wp\/v2\/types\/page"}],"author":[{"embeddable":true,"href":"https:\/\/dmr-portugal.org\/index.php?rest_route=\/wp\/v2\/users\/1"}],"replies":[{"embeddable":true,"href":"https:\/\/dmr-portugal.org\/index.php?rest_route=%2Fwp%2Fv2%2Fcomments&post=2068"}],"version-history":[{"count":0,"href":"https:\/\/dmr-portugal.org\/index.php?rest_route=\/wp\/v2\/pages\/2068\/revisions"}],"up":[{"embeddable":true,"href":"https:\/\/dmr-portugal.org\/index.php?rest_route=\/wp\/v2\/pages\/94"}],"wp:featuredmedia":[{"embeddable":true,"href":"https:\/\/dmr-portugal.org\/index.php?rest_route=\/wp\/v2\/media\/110"}],"wp:attachment":[{"href":"https:\/\/dmr-portugal.org\/index.php?rest_route=%2Fwp%2Fv2%2Fmedia&parent=2068"}],"curies":[{"name":"wp","href":"https:\/\/api.w.org\/{rel}","templated":true}]}}